{"id":1190,"date":"2022-05-24T15:55:01","date_gmt":"2022-05-24T18:55:01","guid":{"rendered":"https:\/\/www.ipasemar.pa.gov.br\/transparencia\/?page_id=1190"},"modified":"2026-04-24T09:10:31","modified_gmt":"2026-04-24T12:10:31","slug":"atas-do-conselho-de-administracao","status":"publish","type":"page","link":"https:\/\/www.ipasemar.pa.gov.br\/transparencia\/atas-do-conselho-de-administracao\/","title":{"rendered":"Atas do Conselho de Administra\u00e7\u00e3o"},"content":{"rendered":"<div class=\"wpb-content-wrapper\"><div class=\"vc_row wpb_row vc_row-fluid\"><div class=\"wpb_column vc_column_container vc_col-sm-2\"><div class=\"vc_column-inner\"><div class=\"wpb_wrapper\">\n\t<div class=\"wpb_text_column wpb_content_element\" >\n\t\t<div class=\"wpb_wrapper\">\n\t\t\t<h2><span style=\"color: #003366;\">2021<\/span><\/h2>\n<ul>\n<li><span style=\"color: #003366;\"><a style=\"color: #003366;\" href=\"https:\/\/drive.google.com\/file\/d\/1pD5XmexisMRtkjHKfFHkT9WxX3DovIZz\/view?usp=sharing\"> Janeiro<\/a><\/span><\/li>\n<li><span style=\"color: #003366;\"><a style=\"color: #003366;\" href=\"https:\/\/drive.google.com\/file\/d\/1zg0qZDOEjPTR8Cn4PNROEvYDbSyuo3m_\/view?usp=sharing\"> Fevereiro<\/a><\/span><\/li>\n<li><span style=\"color: #003366;\"><a style=\"color: #003366;\" href=\"https:\/\/drive.google.com\/file\/d\/124wz6cTET6TbIicXMU6ipj7pSgcQugLn\/view?usp=sharing\"> Mar\u00e7o<\/a><\/span><\/li>\n<li><span style=\"color: #003366;\"><a style=\"color: #003366;\" href=\"https:\/\/drive.google.com\/file\/d\/1Haba8wBVGfuHTB4G5GI88TENPuMBy4ah\/view?usp=sharing\"> Abril<\/a><\/span><\/li>\n<li><span style=\"color: #003366;\"><a style=\"color: #003366;\" href=\"https:\/\/drive.google.com\/file\/d\/1NJ_jGYJIoG7gamBsnNEFswklIWgiT2l-\/view?usp=sharing\"> Maio<\/a><\/span><\/li>\n<li><span style=\"color: #003366;\"><a style=\"color: #003366;\" href=\"https:\/\/drive.google.com\/file\/d\/1AHMg8XdZC71HoIKM0zIUyAiPwwKilx1d\/view?usp=sharing\"> Junho<\/a><\/span><\/li>\n<li><span style=\"color: #003366;\"><a style=\"color: #003366;\" href=\"https:\/\/drive.google.com\/file\/d\/1N6tO2dG7vy3_ljUjw_uePsuzauKeYiRp\/view?usp=sharing\"> Julho<\/a><\/span><\/li>\n<li><span style=\"color: #003366;\"><a style=\"color: #003366;\" href=\"https:\/\/drive.google.com\/file\/d\/1pnKJFZG0aRr8VWfyUUJ9Pl82X1SGIIPu\/view?usp=sharing\"> Agosto<\/a><\/span><\/li>\n<li><span style=\"color: #003366;\"><a style=\"color: #003366;\" href=\"https:\/\/drive.google.com\/file\/d\/1lHrhy1VGypgn6h2JQBwjNjsyzpQXsEWt\/view?usp=sharing\"> Setembro<\/a><\/span><\/li>\n<li><span style=\"color: #003366;\"><a style=\"color: #003366;\" href=\"https:\/\/drive.google.com\/file\/d\/10pAvjO4yeD-aNmsD72VEet7OJVqoLeN0\/view?usp=sharing\"> Outubro<\/a><\/span><\/li>\n<li><span style=\"color: #003366;\"><a style=\"color: #003366;\" href=\"https:\/\/drive.google.com\/file\/d\/1nbKVtQZp4h9cWF1x_RgA_7RzIvOQ6IL2\/view?usp=sharing\"> Novembro<\/a><\/span><\/li>\n<li><span style=\"color: #333399;\"><a style=\"color: #333399;\" href=\"https:\/\/drive.google.com\/file\/d\/1BqKH4dBt0eQIsNWJaQ14I6Uep4dhVnc_\/view?usp=sharing\"><span style=\"color: #003366;\">Dezembro<\/span><\/a><\/span><\/li>\n<\/ul>\n\n\t\t<\/div>\n\t<\/div>\n<\/div><\/div><\/div><div class=\"wpb_column vc_column_container vc_col-sm-2\"><div class=\"vc_column-inner\"><div class=\"wpb_wrapper\">\n\t<div class=\"wpb_text_column wpb_content_element\" >\n\t\t<div class=\"wpb_wrapper\">\n\t\t\t<h2><span style=\"color: #003366;\">2022<\/span><\/h2>\n<ul>\n<li><span style=\"color: #003366;\"><a style=\"color: #003366;\" href=\"https:\/\/drive.google.com\/file\/d\/1egiZpaZqz2DHZeQhG3PnK56-Nut16eUb\/view?usp=sharing\"> Janeiro<\/a><\/span><\/li>\n<li><span style=\"color: #003366;\"><a style=\"color: #003366;\" href=\"https:\/\/drive.google.com\/file\/d\/1mOPtiwYoeNh-vmv0_Vep4HPFOPzCTvA2\/view?usp=sharing\"> Fevereiro<\/a><\/span><\/li>\n<li><span style=\"color: #003366;\"><a style=\"color: #003366;\" href=\"https:\/\/drive.google.com\/file\/d\/1i2Srb_XKeTvNYGk26qIs65EFTH70aRq1\/view?usp=sharing\"> Mar\u00e7o<\/a><\/span><\/li>\n<li><span style=\"color: #003366;\"><a style=\"color: #003366;\" href=\"https:\/\/drive.google.com\/file\/d\/1uYVt6xa9qiTC09LAmNuKhSfqd0qcaRrT\/view?usp=sharing\">Abril<\/a><\/span><\/li>\n<li><span style=\"color: #003366;\"><a style=\"color: #003366;\" href=\"https:\/\/drive.google.com\/file\/d\/1ckdK16K3Tj5lyu--cYVvtc4QJNA-ifsp\/view?usp=sharing\">Maio<\/a><\/span><\/li>\n<li><span style=\"color: #003366;\"><a style=\"color: #003366;\" href=\"https:\/\/drive.google.com\/file\/d\/1o9nM_cZO0RuBCCBWiHO_idb529uST8Fb\/view?usp=sharing\">Junho<\/a><\/span><\/li>\n<li><span style=\"color: #003366;\"><a style=\"color: #003366;\" href=\"https:\/\/drive.google.com\/file\/d\/1CqB21J7WgwreDcDMhkUy6umzv_pmmKmV\/view?usp=sharing\">Junho &#8211; Extraordin\u00e1ria<\/a><\/span><\/li>\n<li><span style=\"color: #003366;\"><a style=\"color: #003366;\" href=\"https:\/\/drive.google.com\/file\/d\/1zr9xZPi-QsxZ5XWpeGk-AD1j6_4_p5z2\/view?usp=sharing\">Julho<\/a><\/span><\/li>\n<li><span style=\"color: #003366;\"><a style=\"color: #003366;\" href=\"https:\/\/drive.google.com\/file\/d\/1Zq5QYQfT21eC0tPR7EQVXWNkDarWWiYV\/view?usp=sharing\">Agosto<\/a><\/span><\/li>\n<li><span style=\"color: #003366;\"><a style=\"color: #003366;\" href=\"https:\/\/drive.google.com\/file\/d\/1soRLZjGvEorfaZ7KaQIduM6SFtxpCi-A\/view?usp=sharing\">Setembro<\/a><\/span><\/li>\n<li><span style=\"color: #003366;\"><a style=\"color: #003366;\" href=\"https:\/\/drive.google.com\/file\/d\/1OLrANSWNMcyoSFVHRpJojRlB1LkkRF2k\/view?usp=share_link\">Outubro<\/a><\/span><\/li>\n<li><span style=\"color: #003366;\"><a style=\"color: #003366;\" href=\"https:\/\/drive.google.com\/file\/d\/1lEAw1jsfSRMBEMQ3o01-smKX4eXE-B-E\/view?usp=share_link\">Novembro<\/a><\/span><\/li>\n<li><span style=\"color: #333399;\"><a style=\"color: #333399;\" href=\"https:\/\/drive.google.com\/file\/d\/1i9KfKDEzP2HIV84Y8uLJ2kMo9Fq7sVu3\/view?usp=share_link\"><span style=\"color: #003366;\">Dezembro<\/span><\/a><\/span><\/li>\n<\/ul>\n\n\t\t<\/div>\n\t<\/div>\n<\/div><\/div><\/div><div class=\"wpb_column vc_column_container vc_col-sm-2\"><div class=\"vc_column-inner\"><div class=\"wpb_wrapper\">\n\t<div class=\"wpb_text_column wpb_content_element\" >\n\t\t<div class=\"wpb_wrapper\">\n\t\t\t<h2><span style=\"color: #003366;\">2023<\/span><\/h2>\n<ul>\n<li><span style=\"color: #003366;\"><a style=\"color: #003366;\" href=\"https:\/\/drive.google.com\/file\/d\/1q4ACqbGnOg1v1FvaQBi_mSqVn9ZdrbJS\/view?usp=share_link\"> Janeiro<\/a><\/span><\/li>\n<li><span style=\"color: #003366;\"><a style=\"color: #003366;\" href=\"https:\/\/drive.google.com\/file\/d\/1kUoG19hXznezUZQ8UE3paufOW227-d2i\/view?usp=share_link\">Fevereiro<\/a><\/span><\/li>\n<li><span style=\"color: #003366;\"><a style=\"color: #003366;\" href=\"https:\/\/drive.google.com\/file\/d\/1DVKgEXlRrUAFI5uGOqd3KN9kw9FpG27m\/view?usp=share_link\">Mar\u00e7o<\/a><\/span><\/li>\n<li><span style=\"color: #003366;\"><a style=\"color: #003366;\" href=\"https:\/\/drive.google.com\/file\/d\/19M2IqzRODLuuRQBqZTFLw6s0WYRZqCz7\/view?usp=share_link\">Abril<\/a><\/span><\/li>\n<li><span style=\"color: #003366;\"><a style=\"color: #003366;\" href=\"https:\/\/drive.google.com\/file\/d\/1vjvDBtqxRtOuUjYP9LQsQkcmHmnMKEA_\/view?usp=share_link\">Maio<\/a><\/span><\/li>\n<li><span style=\"color: #003366;\"><a style=\"color: #003366;\" href=\"https:\/\/www.ipasemar.pa.gov.br\/transparencia\/wp-content\/uploads\/sites\/2\/2023\/05\/ATA-05-2023-CAI.pdf\">Maio &#8211; Extraordin\u00e1ria<\/a><\/span><\/li>\n<li><span style=\"color: #003366;\"><a style=\"color: #003366;\" href=\"https:\/\/drive.google.com\/file\/d\/1F1V6QBp6EGJA3tcKkeKwQM82AQVIuvgz\/view?usp=sharing\">Junho<\/a><\/span><\/li>\n<li><span style=\"color: #003366;\"><a style=\"color: #003366;\" href=\"https:\/\/drive.google.com\/file\/d\/1q9v0cyHU2CaoXCbJcg207aPT1J7bpMs6\/view?usp=sharing\">Julho<\/a><\/span><\/li>\n<li><span style=\"color: #003366;\"><a style=\"color: #003366;\" href=\"https:\/\/www.ipasemar.pa.gov.br\/wp-content\/uploads\/2023\/08\/Ata-009-2023-CAI_compressed.pdf\">Agosto<\/a><\/span><\/li>\n<li><span style=\"color: #003366;\"><a style=\"color: #003366;\" href=\"https:\/\/drive.google.com\/file\/d\/1qkt_9Wxgey38gG6wSKCzHeTh1e-2jkX9\/view?usp=sharing\">Setembro<\/a><\/span><\/li>\n<li><span style=\"color: #003366;\"><a style=\"color: #003366;\" href=\"https:\/\/drive.google.com\/file\/d\/1AcppQWmW0pGslur3H_ULtLmqSk5Z_hlP\/view?usp=sharing\">Outubro<\/a><\/span><\/li>\n<li><span style=\"color: #003366;\"><a style=\"color: #003366;\" href=\"https:\/\/drive.google.com\/file\/d\/1-w9FdGgCH440NJxO9y0oEhFmtLyDm6Kb\/view?usp=sharing\">Novembro<\/a><\/span><\/li>\n<li><span style=\"color: #333399;\"><a style=\"color: #333399;\" href=\"https:\/\/drive.google.com\/file\/d\/1TVBw5-_WrlZQbfNdBoKTwvGDvemLOXQk\/view?usp=sharing\"><span style=\"color: #003366;\">Dezembro<\/span><\/a><\/span><\/li>\n<\/ul>\n\n\t\t<\/div>\n\t<\/div>\n<\/div><\/div><\/div><div class=\"wpb_column vc_column_container vc_col-sm-2\"><div class=\"vc_column-inner\"><div class=\"wpb_wrapper\">\n\t<div class=\"wpb_text_column wpb_content_element\" >\n\t\t<div class=\"wpb_wrapper\">\n\t\t\t<h2><span style=\"color: #003366;\">2024<\/span><\/h2>\n<ul>\n<li><span style=\"color: #003366;\"><a style=\"color: #003366;\" href=\"https:\/\/drive.google.com\/file\/d\/1yIU14d2FCd8ruQ0L5qoZOiFTV60pXi16\/view?usp=sharing\">Janeiro<\/a><\/span><\/li>\n<li><span style=\"color: #333399;\"><a style=\"color: #333399;\" href=\"https:\/\/drive.google.com\/file\/d\/13xHTjHRM-_dfejYR_bUnIoojDZMv5L0-\/view?usp=sharing\"><span style=\"color: #003366;\">Fevereiro<\/span><\/a><\/span><\/li>\n<li><span style=\"color: #003366;\"><a style=\"color: #003366;\" href=\"https:\/\/drive.google.com\/file\/d\/1-rhNfrGPet_ef6GHLLyWc-BRLtaZhGZr\/view?usp=sharing\">Mar\u00e7o<\/a><\/span><\/li>\n<li><a href=\"https:\/\/drive.google.com\/file\/d\/1vsLBg16mpYCQVEp_x8sfAZExcFersy-o\/view?usp=sharing\"><span style=\"color: #003366;\">Abril<\/span><\/a><\/li>\n<li><span style=\"color: #003366;\"><a style=\"color: #003366;\" href=\"https:\/\/drive.google.com\/file\/d\/1rA2POCQPM1iyw6I1cN1FuluAVmSHsOTy\/view?usp=sharing\">Maio<\/a><\/span><\/li>\n<li><span style=\"color: #003366;\"><a style=\"color: #003366;\" href=\"http:\/\/www.ipasemar.pa.gov.br\/transparencia\/wp-content\/uploads\/sites\/2\/2024\/07\/28.06.pdf\">Junho<\/a><\/span><\/li>\n<li><span style=\"color: #003366;\"><a style=\"color: #003366;\" href=\"https:\/\/drive.google.com\/file\/d\/1CKo9f3raIf1qZq0k9QuMC_kg73mSGrGY\/view?usp=sharing\">Julho<\/a><\/span><\/li>\n<li><span style=\"color: #003366;\"><a style=\"color: #003366;\" href=\"https:\/\/drive.google.com\/file\/d\/1vHnHW6NlUIFJQRFqSo5CLbQYduc3ZJMH\/view?usp=sharing\">Agosto<\/a><\/span><\/li>\n<li><span style=\"color: #003366;\"><a style=\"color: #003366;\" href=\"http:\/\/www.ipasemar.pa.gov.br\/transparencia\/wp-content\/uploads\/sites\/2\/2024\/09\/ATA-009-2024-CAIP_compressed.pdf\">Setembro<\/a><\/span><\/li>\n<li><span style=\"color: #003366;\"><a style=\"color: #003366;\" href=\"http:\/\/www.ipasemar.pa.gov.br\/transparencia\/wp-content\/uploads\/sites\/2\/2024\/11\/SEI_0133648_ATA_CAI___Conselho_de_Administracao_do_IPASEMAR-1.pdf\">Outubro<\/a><\/span><\/li>\n<li><a href=\"http:\/\/www.ipasemar.pa.gov.br\/transparencia\/wp-content\/uploads\/sites\/2\/2024\/12\/SEI_0236512_ATA_CAI___Conselho_de_Administracao_do_IPASEMAR-3.pdf\"><span style=\"color: #003366;\">Novembro<\/span><\/a><\/li>\n<li><a href=\"http:\/\/www.ipasemar.pa.gov.br\/transparencia\/wp-content\/uploads\/sites\/2\/2024\/12\/SEI_0271396_ATA_CAI___Conselho_de_Administracao_do_IPASEMAR-1.pdf\"><span style=\"color: #003366;\">Novembro (Extraordin\u00e1ria)<\/span><\/a><\/li>\n<li><span style=\"color: #003366;\"><a style=\"color: #003366;\" href=\"https:\/\/drive.google.com\/file\/d\/1re2422xeclscrZs4pAXJylUhGFeU1dq_\/view?usp=sharing\">Dezembro<\/a><\/span><\/li>\n<li><span style=\"color: #003366;\"><a style=\"color: #003366;\" href=\"http:\/\/www.ipasemar.pa.gov.br\/transparencia\/wp-content\/uploads\/sites\/2\/2025\/05\/SEI_0327723_ATA_CAI___Conselho_de_Administracao_do_IPASEMAR-1-1.pdf\">Dezembro (Extraordin\u00e1ria)<\/a><\/span><\/li>\n<\/ul>\n\n\t\t<\/div>\n\t<\/div>\n<\/div><\/div><\/div><div class=\"wpb_column vc_column_container vc_col-sm-2\"><div class=\"vc_column-inner\"><div class=\"wpb_wrapper\">\n\t<div class=\"wpb_text_column wpb_content_element\" >\n\t\t<div class=\"wpb_wrapper\">\n\t\t\t<h2><span style=\"color: #003366;\">2025<\/span><\/h2>\n<ul>\n<li><a href=\"https:\/\/drive.google.com\/file\/d\/1q3EDIOeaEylHeD36PawHjiJqwPisuZvH\/view?usp=sharing\"><span style=\"color: #003366;\">Janeiro<\/span><\/a><\/li>\n<li><span style=\"color: #003366;\"><a style=\"color: #003366;\" href=\"http:\/\/www.ipasemar.pa.gov.br\/transparencia\/wp-content\/uploads\/sites\/2\/2025\/02\/SEI_0419585_ATA_CAI___Conselho_de_Administracao_do_IPASEMAR.pdf\">Fevereiro<\/a><\/span><\/li>\n<li><span style=\"color: #003366;\"><a style=\"color: #003366;\" href=\"http:\/\/www.ipasemar.pa.gov.br\/transparencia\/wp-content\/uploads\/sites\/2\/2025\/04\/SEI_0482094_ATA_CAI___Conselho_de_Administracao_do_IPASEMAR.pdf\">Mar\u00e7o<\/a><\/span><\/li>\n<li><span style=\"color: #003366;\"><a style=\"color: #003366;\" href=\"https:\/\/www.ipasemar.pa.gov.br\/wp-content\/uploads\/2025\/04\/SEI_0559870_ATA_CAI___Conselho_de_Administracao_do_IPASEMAR.pdf\">Abril<\/a><\/span><\/li>\n<li><span style=\"color: #003366;\"><a style=\"color: #003366;\" href=\"http:\/\/www.ipasemar.pa.gov.br\/transparencia\/wp-content\/uploads\/sites\/2\/2025\/05\/SEI_0658877_ATA_CAI___Conselho_de_Administracao_do_IPASEMAR.pdf\">Maio<\/a><\/span><\/li>\n<li><span style=\"color: #003366;\"><a style=\"color: #003366;\" href=\"http:\/\/www.ipasemar.pa.gov.br\/transparencia\/wp-content\/uploads\/sites\/2\/2025\/06\/SEI_0736702_ATA_CAI___Conselho_de_Administracao_do_IPASEMAR-1.pdf\">Junho<\/a><\/span><\/li>\n<li><span style=\"color: #003366;\"><a style=\"color: #003366;\" href=\"http:\/\/www.ipasemar.pa.gov.br\/transparencia\/wp-content\/uploads\/sites\/2\/2025\/07\/SEI_0819276_ATA_CAI___Conselho_de_Administracao_do_IPASEMAR-1.pdf\">Julho<\/a><\/span><\/li>\n<li><span style=\"color: #003366;\"><a style=\"color: #003366;\" href=\"http:\/\/www.ipasemar.pa.gov.br\/transparencia\/wp-content\/uploads\/sites\/2\/2025\/08\/SEI_0931642_ATA_CAI___Conselho_de_Administracao_do_IPASEMAR.pdf\">Agosto<\/a><\/span><\/li>\n<li><span style=\"color: #003366;\"><a style=\"color: #003366;\" href=\"http:\/\/www.ipasemar.pa.gov.br\/transparencia\/wp-content\/uploads\/sites\/2\/2025\/09\/SEI_1031224_ATA_CAI___Conselho_de_Administracao_do_IPASEMAR.pdf\">Setembro<\/a><\/span><\/li>\n<li><a href=\"http:\/\/www.ipasemar.pa.gov.br\/transparencia\/wp-content\/uploads\/sites\/2\/2025\/11\/Ata-n.o-11-2025-CAI.pdf\"><span style=\"color: #003366;\">Outubro<\/span><\/a><\/li>\n<li><span style=\"color: #003366;\"><a style=\"color: #003366;\" href=\"http:\/\/www.ipasemar.pa.gov.br\/transparencia\/wp-content\/uploads\/sites\/2\/2025\/11\/SEI_1258522_ATA_CAI___Conselho_de_Administracao_do_IPASEMAR.pdf\">Novembro<\/a><\/span><\/li>\n<li><a href=\"http:\/\/www.ipasemar.pa.gov.br\/transparencia\/wp-content\/uploads\/sites\/2\/2025\/12\/SEI_1379935_ATA_CAI___Conselho_de_Administracao_do_251231_091617.pdf\"><span style=\"color: #003366;\">Dezembro<\/span><\/a><\/li>\n<\/ul>\n\n\t\t<\/div>\n\t<\/div>\n<\/div><\/div><\/div><div class=\"wpb_column vc_column_container vc_col-sm-2\"><div class=\"vc_column-inner\"><div class=\"wpb_wrapper\">\n\t<div class=\"wpb_text_column wpb_content_element\" >\n\t\t<div class=\"wpb_wrapper\">\n\t\t\t<h2><span style=\"color: #003366;\">2026<\/span><\/h2>\n<ul>\n<li><span style=\"color: #003366;\"><a style=\"color: #003366;\" href=\"http:\/\/www.ipasemar.pa.gov.br\/transparencia\/wp-content\/uploads\/sites\/2\/2026\/01\/SEI_1456818_ATA_CAI___Conselho_de_Administracao_do_IPASEMAR.pdf\">Janeiro<\/a><\/span><\/li>\n<li><span style=\"color: #003366;\"><a style=\"color: #003366;\" href=\"http:\/\/www.ipasemar.pa.gov.br\/transparencia\/wp-content\/uploads\/sites\/2\/2026\/03\/SEI_1481248_ATA_CAI___Conselho_de_Administracao_do_IPASEMAR-1-1.pdf\">Janeiro &#8211; Extraordin\u00e1ria<\/a>\u00a0<\/span><\/li>\n<li><span style=\"color: #003366;\"><a style=\"color: #003366;\" href=\"https:\/\/drive.google.com\/file\/d\/1_x23MW3M0Z9CfO-UVnqObm7D367FP98V\/view?usp=sharing\">Fevereiro<\/a><\/span><\/li>\n<li><a href=\"https:\/\/drive.google.com\/file\/d\/1SNjoPJaY_DqVHWHWnxliohHw9a8OYR8P\/view?usp=sharing\"><span style=\"color: #003366;\">Mar\u00e7o<\/span><\/a><\/li>\n<li><a href=\"https:\/\/drive.google.com\/file\/d\/16wFsFdqgHbmhIfromr3ZlO_pWGym_ecH\/view?usp=sharing\"><span style=\"color: #003366;\">Abril<\/span><\/a><\/li>\n<\/ul>\n\n\t\t<\/div>\n\t<\/div>\n<\/div><\/div><\/div><\/div>\n<\/div>","protected":false},"excerpt":{"rendered":"2021 Janeiro Fevereiro Mar\u00e7o Abril Maio Junho Julho Agosto Setembro Outubro Novembro Dezembro 2022 Janeiro Fevereiro Mar\u00e7o Abril Maio Junho Junho - Extraordin\u00e1ria Julho Agosto Setembro Outubro Novembro Dezembro 2023 Janeiro Fevereiro Mar\u00e7o Abril Maio Maio - Extraordin\u00e1ria Junho Julho Agosto Setembro Outubro Novembro Dezembro 2024 Janeiro Fevereiro Mar\u00e7o Abril Maio Junho Julho Agosto Setembro [...]","protected":false},"author":3,"featured_media":0,"parent":0,"menu_order":0,"comment_status":"closed","ping_status":"closed","template":"","meta":{"footnotes":""},"class_list":["post-1190","page","type-page","status-publish","hentry"],"_links":{"self":[{"href":"https:\/\/www.ipasemar.pa.gov.br\/transparencia\/wp-json\/wp\/v2\/pages\/1190","targetHints":{"allow":["GET"]}}],"collection":[{"href":"https:\/\/www.ipasemar.pa.gov.br\/transparencia\/wp-json\/wp\/v2\/pages"}],"about":[{"href":"https:\/\/www.ipasemar.pa.gov.br\/transparencia\/wp-json\/wp\/v2\/types\/page"}],"author":[{"embeddable":true,"href":"https:\/\/www.ipasemar.pa.gov.br\/transparencia\/wp-json\/wp\/v2\/users\/3"}],"replies":[{"embeddable":true,"href":"https:\/\/www.ipasemar.pa.gov.br\/transparencia\/wp-json\/wp\/v2\/comments?post=1190"}],"version-history":[{"count":66,"href":"https:\/\/www.ipasemar.pa.gov.br\/transparencia\/wp-json\/wp\/v2\/pages\/1190\/revisions"}],"predecessor-version":[{"id":4173,"href":"https:\/\/www.ipasemar.pa.gov.br\/transparencia\/wp-json\/wp\/v2\/pages\/1190\/revisions\/4173"}],"wp:attachment":[{"href":"https:\/\/www.ipasemar.pa.gov.br\/transparencia\/wp-json\/wp\/v2\/media?parent=1190"}],"curies":[{"name":"wp","href":"https:\/\/api.w.org\/{rel}","templated":true}]}}