{"id":1529,"date":"2022-11-10T17:16:20","date_gmt":"2022-11-10T20:16:20","guid":{"rendered":"https:\/\/www.ipasemar.pa.gov.br\/transparencia\/?page_id=1529"},"modified":"2023-12-19T20:37:46","modified_gmt":"2023-12-19T23:37:46","slug":"1529-2","status":"publish","type":"page","link":"https:\/\/www.ipasemar.pa.gov.br\/transparencia\/1529-2\/","title":{"rendered":"Ouvidoria"},"content":{"rendered":"<div id=\"quform-d12b72\" class=\"quform quform-3 quform-support-page-caching\"><form id=\"quform-form-d12b72\" class=\"quform-form quform-form-3\" action=\"\/transparencia\/wp-json\/wp\/v2\/pages\/1529#quform-d12b72\" method=\"post\" enctype=\"multipart\/form-data\" novalidate=\"novalidate\" data-options=\"{&quot;id&quot;:3,&quot;uniqueId&quot;:&quot;d12b72&quot;,&quot;theme&quot;:&quot;&quot;,&quot;ajax&quot;:true,&quot;logic&quot;:{&quot;logic&quot;:[],&quot;dependents&quot;:[],&quot;elementIds&quot;:[],&quot;dependentElementIds&quot;:[],&quot;animate&quot;:true},&quot;currentPageId&quot;:13,&quot;errorsIcon&quot;:&quot;&quot;,&quot;updateFancybox&quot;:true,&quot;hasPages&quot;:false,&quot;pages&quot;:[13],&quot;pageProgressType&quot;:&quot;numbers&quot;,&quot;tooltipsEnabled&quot;:true,&quot;tooltipClasses&quot;:&quot;qtip-plain qtip-shadow&quot;,&quot;tooltipMy&quot;:&quot;left center&quot;,&quot;tooltipAt&quot;:&quot;right center&quot;,&quot;isRtl&quot;:false,&quot;scrollOffset&quot;:-50,&quot;scrollSpeed&quot;:800}\"><button class=\"quform-default-submit\" name=\"quform_submit\" type=\"submit\" value=\"submit\" aria-hidden=\"true\" tabindex=\"-1\"><\/button><div class=\"quform-form-inner quform-form-inner-3\"><input type=\"hidden\" name=\"quform_form_id\" value=\"3\" \/><input type=\"hidden\" name=\"quform_form_uid\" value=\"d12b72\" \/><input type=\"hidden\" name=\"quform_count\" value=\"1\" \/><input type=\"hidden\" name=\"form_url\" value=\"https:\/\/www.ipasemar.pa.gov.br\/transparencia\/wp-json\/wp\/v2\/pages\/1529\" \/><input type=\"hidden\" name=\"referring_url\" value=\"\" \/><input type=\"hidden\" name=\"post_id\" value=\"\" \/><input type=\"hidden\" name=\"post_title\" value=\"\" \/><input type=\"hidden\" name=\"quform_current_page_id\" value=\"13\" \/><input type=\"hidden\" name=\"quform_csrf_token\" value=\"0IoGpHGEQDdQnPGKiicxODQJaAD4Sbjf2uGyQdwq\" \/><div class=\"quform-elements quform-elements-3 quform-cf quform-responsive-elements-phone-landscape\"><div class=\"quform-element quform-element-page quform-page-13 quform-page-3_13 quform-cf quform-group-style-plain quform-first-page quform-last-page quform-current-page\"><div class=\"quform-child-elements\"><div class=\"quform-element quform-element-text quform-element-3_1 quform-cf quform-element-required\"><div class=\"quform-spacer\"><div class=\"quform-label quform-label-3_1\"><label class=\"quform-label-text\" for=\"quform_3_1_d12b72\">Nome<span class=\"quform-required\">(obrigat\u00f3rio)<\/span><\/label><\/div><div class=\"quform-inner quform-inner-text quform-inner-3_1\"><div class=\"quform-input quform-input-text quform-input-3_1 quform-cf\"><input type=\"text\" id=\"quform_3_1_d12b72\" name=\"quform_3_1\" class=\"quform-field quform-field-text quform-field-3_1\" \/><\/div><\/div><\/div><\/div><div class=\"quform-element quform-element-email quform-element-3_2 quform-cf quform-element-required\"><div class=\"quform-spacer\"><div class=\"quform-label quform-label-3_2\"><label class=\"quform-label-text\" for=\"quform_3_2_d12b72\">Endere\u00e7o de e-mail<span class=\"quform-required\">(obrigat\u00f3rio)<\/span><\/label><\/div><div class=\"quform-inner quform-inner-email quform-inner-3_2\"><div class=\"quform-input quform-input-email quform-input-3_2 quform-cf\"><input type=\"email\" id=\"quform_3_2_d12b72\" name=\"quform_3_2\" class=\"quform-field quform-field-email quform-field-3_2\" \/><\/div><\/div><\/div><\/div><div class=\"quform-element quform-element-radio quform-element-3_12 quform-cf quform-element-required\"><div class=\"quform-spacer\"><div class=\"quform-label quform-label-3_12\"><label class=\"quform-label-text\" id=\"quform_3_12_d12b72_label\">O que voc\u00ea quer fazer?<span class=\"quform-required\">(obrigat\u00f3rio)<\/span><\/label><\/div><div class=\"quform-inner quform-inner-radio quform-inner-3_12\"><div class=\"quform-input quform-input-radio quform-input-3_12 quform-cf\"><div class=\"quform-options quform-cf quform-options-block quform-options-simple\" role=\"radiogroup\" aria-labelledby=\"quform_3_12_d12b72_label\"><div class=\"quform-option\"><input type=\"radio\" name=\"quform_3_12\" id=\"quform_3_12_d12b72_1\" class=\"quform-field quform-field-radio quform-field-3_12 quform-field-3_12_1\" value=\"Solicita\u00e7\u00f5es\" \/><label for=\"quform_3_12_d12b72_1\" class=\"quform-option-label quform-option-label-3_12_1\"><span class=\"quform-option-text\">Solicita\u00e7\u00f5es<\/span><\/label><\/div><div class=\"quform-option\"><input type=\"radio\" name=\"quform_3_12\" id=\"quform_3_12_d12b72_2\" class=\"quform-field quform-field-radio quform-field-3_12 quform-field-3_12_2\" value=\"Den\u00fancias\" \/><label for=\"quform_3_12_d12b72_2\" class=\"quform-option-label quform-option-label-3_12_2\"><span class=\"quform-option-text\">Den\u00fancias<\/span><\/label><\/div><div class=\"quform-option\"><input type=\"radio\" name=\"quform_3_12\" id=\"quform_3_12_d12b72_3\" class=\"quform-field quform-field-radio quform-field-3_12 quform-field-3_12_3\" value=\"Sugest\u00f5es\" \/><label for=\"quform_3_12_d12b72_3\" class=\"quform-option-label quform-option-label-3_12_3\"><span class=\"quform-option-text\">Sugest\u00f5es<\/span><\/label><\/div><div class=\"quform-option\"><input type=\"radio\" name=\"quform_3_12\" id=\"quform_3_12_d12b72_4\" class=\"quform-field quform-field-radio quform-field-3_12 quform-field-3_12_4\" value=\"Reclama\u00e7\u00f5es\" \/><label for=\"quform_3_12_d12b72_4\" class=\"quform-option-label quform-option-label-3_12_4\"><span class=\"quform-option-text\">Reclama\u00e7\u00f5es<\/span><\/label><\/div><div class=\"quform-option\"><input type=\"radio\" name=\"quform_3_12\" id=\"quform_3_12_d12b72_5\" class=\"quform-field quform-field-radio quform-field-3_12 quform-field-3_12_5\" value=\"Elogios\" \/><label for=\"quform_3_12_d12b72_5\" class=\"quform-option-label quform-option-label-3_12_5\"><span class=\"quform-option-text\">Elogios<\/span><\/label><\/div><div class=\"quform-option\"><input type=\"radio\" name=\"quform_3_12\" id=\"quform_3_12_d12b72_6\" class=\"quform-field quform-field-radio quform-field-3_12 quform-field-3_12_6\" value=\"Investimentos\" \/><label for=\"quform_3_12_d12b72_6\" class=\"quform-option-label quform-option-label-3_12_6\"><span class=\"quform-option-text\">Investimentos<\/span><\/label><\/div><\/div><\/div><\/div><\/div><\/div><div class=\"quform-element quform-element-text quform-element-3_4 quform-cf quform-element-required\"><div class=\"quform-spacer\"><div class=\"quform-label quform-label-3_4\"><label class=\"quform-label-text\" for=\"quform_3_4_d12b72\">CPF<span class=\"quform-required\">(obrigat\u00f3rio)<\/span><\/label><\/div><div class=\"quform-inner quform-inner-text quform-inner-3_4\"><div class=\"quform-input quform-input-text quform-input-3_4 quform-cf\"><input type=\"text\" id=\"quform_3_4_d12b72\" name=\"quform_3_4\" class=\"quform-field quform-field-text quform-field-3_4\" \/><\/div><\/div><\/div><\/div><div class=\"quform-element quform-element-text quform-element-3_5 quform-cf quform-element-optional\"><div class=\"quform-spacer\"><div class=\"quform-label quform-label-3_5\"><label class=\"quform-label-text\" for=\"quform_3_5_d12b72\">Endere\u00e7o<\/label><\/div><div class=\"quform-inner quform-inner-text quform-inner-3_5\"><div class=\"quform-input quform-input-text quform-input-3_5 quform-cf\"><input type=\"text\" id=\"quform_3_5_d12b72\" name=\"quform_3_5\" class=\"quform-field quform-field-text quform-field-3_5\" \/><\/div><\/div><\/div><\/div><div class=\"quform-element quform-element-text quform-element-3_6 quform-cf quform-element-optional\"><div class=\"quform-spacer\"><div class=\"quform-label quform-label-3_6\"><label class=\"quform-label-text\" for=\"quform_3_6_d12b72\">N\u00famero<\/label><\/div><div class=\"quform-inner quform-inner-text quform-inner-3_6\"><div class=\"quform-input quform-input-text quform-input-3_6 quform-cf\"><input type=\"text\" id=\"quform_3_6_d12b72\" name=\"quform_3_6\" class=\"quform-field quform-field-text quform-field-3_6\" \/><\/div><\/div><\/div><\/div><div class=\"quform-element quform-element-text quform-element-3_7 quform-cf quform-element-optional\"><div class=\"quform-spacer\"><div class=\"quform-label quform-label-3_7\"><label class=\"quform-label-text\" for=\"quform_3_7_d12b72\">Cep<\/label><\/div><div class=\"quform-inner quform-inner-text quform-inner-3_7\"><div class=\"quform-input quform-input-text quform-input-3_7 quform-cf\"><input type=\"text\" id=\"quform_3_7_d12b72\" name=\"quform_3_7\" class=\"quform-field quform-field-text quform-field-3_7\" \/><\/div><\/div><\/div><\/div><div class=\"quform-element quform-element-text quform-element-3_8 quform-cf quform-element-optional\"><div class=\"quform-spacer\"><div class=\"quform-label quform-label-3_8\"><label class=\"quform-label-text\" for=\"quform_3_8_d12b72\">Cidade - UF<\/label><\/div><div class=\"quform-inner quform-inner-text quform-inner-3_8\"><div class=\"quform-input quform-input-text quform-input-3_8 quform-cf\"><input type=\"text\" id=\"quform_3_8_d12b72\" name=\"quform_3_8\" class=\"quform-field quform-field-text quform-field-3_8\" \/><\/div><\/div><\/div><\/div><div class=\"quform-element quform-element-text quform-element-3_9 quform-cf quform-element-optional\"><div class=\"quform-spacer\"><div class=\"quform-label quform-label-3_9\"><label class=\"quform-label-text\" for=\"quform_3_9_d12b72\">Telefone<\/label><\/div><div class=\"quform-inner quform-inner-text quform-inner-3_9\"><div class=\"quform-input quform-input-text quform-input-3_9 quform-cf\"><input type=\"text\" id=\"quform_3_9_d12b72\" name=\"quform_3_9\" class=\"quform-field quform-field-text quform-field-3_9\" \/><\/div><\/div><\/div><\/div><div class=\"quform-element quform-element-text quform-element-3_10 quform-cf quform-element-optional\"><div class=\"quform-spacer\"><div class=\"quform-label quform-label-3_10\"><label class=\"quform-label-text\" for=\"quform_3_10_d12b72\">Assunto<\/label><\/div><div class=\"quform-inner quform-inner-text quform-inner-3_10\"><div class=\"quform-input quform-input-text quform-input-3_10 quform-cf\"><input type=\"text\" id=\"quform_3_10_d12b72\" name=\"quform_3_10\" class=\"quform-field quform-field-text quform-field-3_10\" \/><\/div><\/div><\/div><\/div><div class=\"quform-element quform-element-textarea quform-element-3_11 quform-cf quform-element-required\"><div class=\"quform-spacer\"><div class=\"quform-label quform-label-3_11\"><label class=\"quform-label-text\" for=\"quform_3_11_d12b72\">Mensagem<span class=\"quform-required\">(obrigat\u00f3rio)<\/span><\/label><\/div><div class=\"quform-inner quform-inner-textarea quform-inner-3_11\"><div class=\"quform-input quform-input-textarea quform-input-3_11 quform-cf\"><textarea id=\"quform_3_11_d12b72\" name=\"quform_3_11\" class=\"quform-field quform-field-textarea quform-field-3_11\"><\/textarea><\/div><\/div><\/div><\/div><div class=\"quform-element quform-element-submit quform-element-3_14 quform-cf quform-button-style-theme\"><div class=\"quform-button-submit quform-button-submit-default quform-button-submit-3_14\"><button name=\"quform_submit\" type=\"submit\" class=\"quform-submit\" value=\"submit\"><span class=\"quform-button-text quform-button-submit-text\">Send<\/span><\/button><\/div><div class=\"quform-loading quform-loading-position-left quform-loading-type-spinner-1\"><div class=\"quform-loading-inner\"><div class=\"quform-loading-spinner\"><div class=\"quform-loading-spinner-inner\"><\/div><\/div><\/div><\/div><\/div><div class=\"quform-element-tree\"><label for=\"quform_3_0_d12b72\">This field should be left blank<\/label><input type=\"text\" id=\"quform_3_0_d12b72\" name=\"quform_3_0\" class=\"quform-field quform-field-tree quform-field-3_0\" tabindex=\"-1\" autocomplete=\"off\" \/><\/div><\/div><\/div><\/div><\/div><\/form><\/div>\n","protected":false},"excerpt":{"rendered":"Nome(obrigat\u00f3rio)Endere\u00e7o de e-mail(obrigat\u00f3rio)O que voc\u00ea quer fazer?(obrigat\u00f3rio)Solicita\u00e7\u00f5esDen\u00fanciasSugest\u00f5esReclama\u00e7\u00f5esElogiosInvestimentosCPF(obrigat\u00f3rio)Endere\u00e7oN\u00fameroCepCidade - UFTelefoneAssuntoMensagem(obrigat\u00f3rio)SendThis field should be left blank","protected":false},"author":3,"featured_media":0,"parent":0,"menu_order":0,"comment_status":"closed","ping_status":"closed","template":"","meta":{"footnotes":""},"class_list":["post-1529","page","type-page","status-publish","hentry"],"_links":{"self":[{"href":"https:\/\/www.ipasemar.pa.gov.br\/transparencia\/wp-json\/wp\/v2\/pages\/1529","targetHints":{"allow":["GET"]}}],"collection":[{"href":"https:\/\/www.ipasemar.pa.gov.br\/transparencia\/wp-json\/wp\/v2\/pages"}],"about":[{"href":"https:\/\/www.ipasemar.pa.gov.br\/transparencia\/wp-json\/wp\/v2\/types\/page"}],"author":[{"embeddable":true,"href":"https:\/\/www.ipasemar.pa.gov.br\/transparencia\/wp-json\/wp\/v2\/users\/3"}],"replies":[{"embeddable":true,"href":"https:\/\/www.ipasemar.pa.gov.br\/transparencia\/wp-json\/wp\/v2\/comments?post=1529"}],"version-history":[{"count":3,"href":"https:\/\/www.ipasemar.pa.gov.br\/transparencia\/wp-json\/wp\/v2\/pages\/1529\/revisions"}],"predecessor-version":[{"id":2331,"href":"https:\/\/www.ipasemar.pa.gov.br\/transparencia\/wp-json\/wp\/v2\/pages\/1529\/revisions\/2331"}],"wp:attachment":[{"href":"https:\/\/www.ipasemar.pa.gov.br\/transparencia\/wp-json\/wp\/v2\/media?parent=1529"}],"curies":[{"name":"wp","href":"https:\/\/api.w.org\/{rel}","templated":true}]}}