{"id":1639,"date":"2023-01-17T08:50:37","date_gmt":"2023-01-17T11:50:37","guid":{"rendered":"https:\/\/www.ipasemar.pa.gov.br\/transparencia\/?page_id=1639"},"modified":"2026-04-28T09:07:06","modified_gmt":"2026-04-28T12:07:06","slug":"atas-das-reunioes-de-aprovacao-das-politicas-de-investimentos","status":"publish","type":"page","link":"https:\/\/www.ipasemar.pa.gov.br\/transparencia\/atas-das-reunioes-de-aprovacao-das-politicas-de-investimentos\/","title":{"rendered":"Atas das Reuni\u00f5es de Aprova\u00e7\u00e3o das Pol\u00edticas de Investimentos"},"content":{"rendered":"<h5><a href=\"http:\/\/www.ipasemar.pa.gov.br\/transparencia\/wp-content\/uploads\/sites\/2\/2026\/04\/SEI_1481248_ATA_CAI___Conselho_de_Administracao_do_IPASEMAR-1-1.pdf\"><span style=\"color: #003366;\">Ata de aprova\u00e7\u00e3o da revis\u00e3o da Pol\u00edtica de Investimentos de 2026<\/span><\/a><\/h5>\n<h5><a href=\"http:\/\/www.ipasemar.pa.gov.br\/transparencia\/wp-content\/uploads\/sites\/2\/2026\/01\/SEI_1379935_ATA_CAI___Conselho_de_Administracao_do_IPASEMAR.pdf\"><span style=\"color: #003366;\">Ata de aprova\u00e7\u00e3o da Pol\u00edtica de Investimentos 2026<\/span><\/a><\/h5>\n<h5><span style=\"color: #003366;\"><a style=\"color: #003366;\" href=\"http:\/\/www.ipasemar.pa.gov.br\/transparencia\/wp-content\/uploads\/sites\/2\/2025\/01\/SEI_0327723_ATA_CAI___Conselho_de_Administracao_do_IPASEMAR-1-1.pdf\">Ata de aprova\u00e7\u00e3o da Pol\u00edtica de Investimentos 2025<\/a><\/span><\/h5>\n<h5><span style=\"color: #003366;\"><a style=\"color: #003366;\" href=\"https:\/\/drive.google.com\/file\/d\/1i1szUKxNiHEYoFCpGu-bwiIOBWQRoVmP\/view?usp=sharing\">Ata de aprova\u00e7\u00e3o da Pol\u00edtica de Investimentos 2024 &#8211; Retifica\u00e7\u00e3o<\/a><\/span><\/h5>\n<h5><span style=\"color: #003366;\"><a style=\"color: #003366;\" href=\"https:\/\/drive.google.com\/file\/d\/1TVBw5-_WrlZQbfNdBoKTwvGDvemLOXQk\/view?usp=sharing\">Ata de aprova\u00e7\u00e3o da Pol\u00edtica de Investimentos 2024<\/a><\/span><\/h5>\n<h5><span style=\"color: #003366;\"><a style=\"color: #003366;\" href=\"https:\/\/drive.google.com\/file\/d\/1vjvDBtqxRtOuUjYP9LQsQkcmHmnMKEA_\/view\">Ata de aprova\u00e7\u00e3o Pol\u00edtica de Investimentos 2023 &#8211; Retifica\u00e7\u00e3o<\/a><\/span><\/h5>\n<h5><span style=\"color: #003366;\"><a style=\"color: #003366;\" href=\"https:\/\/drive.google.com\/file\/d\/1ZALiFGUCMEqKg3HTzaGtMUafd9awt5Bi\/view?usp=share_link\">Ata de aprova\u00e7\u00e3o Pol\u00edtica de Investimentos 2023<\/a><\/span><\/h5>\n<h5><span style=\"color: #003366;\"><a style=\"color: #003366;\" href=\"https:\/\/drive.google.com\/file\/d\/1ur0tzmVPM_JVoRL4ONPjWR-InDYXBlF-\/view?usp=share_link\">Ata de aprova\u00e7\u00e3o Pol\u00edtica de Investimentos 2022<\/a><\/span><\/h5>\n<h5><\/h5>\n<p>&nbsp;<\/p>\n","protected":false},"excerpt":{"rendered":"<p>Ata de aprova\u00e7\u00e3o da revis\u00e3o da Pol\u00edtica de Investimentos de 2026 Ata de aprova\u00e7\u00e3o da Pol\u00edtica de Investimentos 2026 Ata de aprova\u00e7\u00e3o da Pol\u00edtica de Investimentos 2025 Ata de aprova\u00e7\u00e3o da Pol\u00edtica de Investimentos 2024 &#8211; Retifica\u00e7\u00e3o Ata de aprova\u00e7\u00e3o da Pol\u00edtica de Investimentos 2024 Ata de aprova\u00e7\u00e3o Pol\u00edtica de Investimentos 2023 &#8211; Retifica\u00e7\u00e3o Ata [&hellip;]<\/p>\n","protected":false},"author":3,"featured_media":0,"parent":0,"menu_order":0,"comment_status":"closed","ping_status":"closed","template":"","meta":{"footnotes":""},"class_list":["post-1639","page","type-page","status-publish","hentry"],"_links":{"self":[{"href":"https:\/\/www.ipasemar.pa.gov.br\/transparencia\/wp-json\/wp\/v2\/pages\/1639","targetHints":{"allow":["GET"]}}],"collection":[{"href":"https:\/\/www.ipasemar.pa.gov.br\/transparencia\/wp-json\/wp\/v2\/pages"}],"about":[{"href":"https:\/\/www.ipasemar.pa.gov.br\/transparencia\/wp-json\/wp\/v2\/types\/page"}],"author":[{"embeddable":true,"href":"https:\/\/www.ipasemar.pa.gov.br\/transparencia\/wp-json\/wp\/v2\/users\/3"}],"replies":[{"embeddable":true,"href":"https:\/\/www.ipasemar.pa.gov.br\/transparencia\/wp-json\/wp\/v2\/comments?post=1639"}],"version-history":[{"count":11,"href":"https:\/\/www.ipasemar.pa.gov.br\/transparencia\/wp-json\/wp\/v2\/pages\/1639\/revisions"}],"predecessor-version":[{"id":4203,"href":"https:\/\/www.ipasemar.pa.gov.br\/transparencia\/wp-json\/wp\/v2\/pages\/1639\/revisions\/4203"}],"wp:attachment":[{"href":"https:\/\/www.ipasemar.pa.gov.br\/transparencia\/wp-json\/wp\/v2\/media?parent=1639"}],"curies":[{"name":"wp","href":"https:\/\/api.w.org\/{rel}","templated":true}]}}