{"id":1992,"date":"2023-06-05T16:10:08","date_gmt":"2023-06-05T19:10:08","guid":{"rendered":"https:\/\/www.ipasemar.pa.gov.br\/transparencia\/?page_id=1992"},"modified":"2025-09-30T16:07:17","modified_gmt":"2025-09-30T19:07:17","slug":"licitacoes","status":"publish","type":"page","link":"https:\/\/www.ipasemar.pa.gov.br\/transparencia\/licitacoes\/","title":{"rendered":"Licita\u00e7\u00f5es"},"content":{"rendered":"<h4><span style=\"color: #003366;\">2025<\/span><\/h4>\n<p style=\"padding-left: 40px;\"><a title=\"Ver detalhes desta licita\u00ef\u00bf\u00bd\u00ef\u00bf\u00bdo\" href=\"https:\/\/www.tcm.pa.gov.br\/mural-de-licitacoes\/licitacoes\/ficha\/4200912\" target=\"_blank\" rel=\"noopener\"><strong><span style=\"color: #003366;\">IN 062.2025.CPL<\/span> <\/strong><\/a><\/p>\n<p style=\"padding-left: 80px;\"><span style=\"color: #003366;\">INSCRI\u00c7\u00c3O NO 12\u00ba ENCONTRO DE GESTORES DE RPPS DO ESTADO DO MATO GROSSO E 2\u00ba ENCONTRO DE RPPS DA REGI\u00c3O CENTRO- OESTE DA APREMAT<\/span><\/p>\n<p style=\"padding-left: 40px;\"><a title=\"Ver detalhes desta licita\u00ef\u00bf\u00bd\u00ef\u00bf\u00bdo\" href=\"https:\/\/www.tcm.pa.gov.br\/mural-de-licitacoes\/licitacoes\/ficha\/4190542\" target=\"_blank\" rel=\"noopener\"><strong><span style=\"color: #003366;\">DP 018.2025.CPL<\/span> <\/strong><\/a><\/p>\n<p style=\"padding-left: 80px;\"><span style=\"color: #003366;\">CONTRATA\u00c7\u00c3O DE EMPRESA PARA PRESTA\u00c7\u00c3O DE SERVI\u00c7OS DE MANUTEN\u00c7\u00c3O PREVENTIVA E CORRETIVA DOS EQUIPAMENTOS DE INFORM\u00c1TICA, INCLUINDO OS MATERIAIS E EQUIPAMENTOS NECESS\u00c1RIOS \u00c0 MANUTEN\u00c7\u00c3O.<\/span><\/p>\n<p style=\"padding-left: 40px;\"><a title=\"Ver detalhes desta licita\u00ef\u00bf\u00bd\u00ef\u00bf\u00bdo\" href=\"https:\/\/www.tcm.pa.gov.br\/mural-de-licitacoes\/licitacoes\/ficha\/4172919\" target=\"_blank\" rel=\"noopener\"><strong><span style=\"color: #003366;\">IN 045.2025.CPL<\/span> <\/strong><\/a><\/p>\n<p style=\"padding-left: 80px;\"><span style=\"color: #003366;\">INSCRI\u00c7\u00c3O NO 4\u00ba SEMIN\u00c1RIO NACIONAL DE PREVID\u00caNCIAS, PARA QUE OS SERVIDORES E CONSELHEIRO DO INSTITUTO DE PREVID\u00caNCIA SOCIAL DOS SERVIDORES P\u00daBLICOS DO MUNIC\u00cdPIO DE MARAB\u00c1 \u2013 IPASEMAR, PARTICIPEM NOS DIAS 29 A 31 DE JULHO DE 2025, QUE SER\u00c1 REALIZADO EM BRAS\u00cdLIA &#8211; DF.<\/span><\/p>\n<p style=\"padding-left: 40px;\"><a title=\"Ver detalhes desta licita\u00ef\u00bf\u00bd\u00ef\u00bf\u00bdo\" href=\"https:\/\/www.tcm.pa.gov.br\/mural-de-licitacoes\/licitacoes\/ficha\/4159270\" target=\"_blank\" rel=\"noopener\"><strong><span style=\"color: #003366;\">AA 014.2025.CPL <\/span><\/strong><\/a><\/p>\n<p style=\"padding-left: 80px;\"><span style=\"color: #003366;\">ADES\u00c3O \u00c0 ATA DE REGISTRO DE PRE\u00c7O N\u00ba 558\/2024-CPL, PROCESSO SEI N\u00ba 050505304.000001\/2024-01, PREG\u00c3O ELETR\u00d4NICO (SRP) N\u00ba 90086\/2024\/CPL &#8211; CONTRATA\u00c7\u00c3O DE SERVI\u00c7O ESPECIALIZADO NA INSTALA\u00c7\u00c3O, DESINSTALA\u00c7\u00c3O, MANUTEN\u00c7\u00c3O PREVENTIVA E CORRETIVA COM EVENTUAL SUBSTITUI\u00c7\u00c3O DE PE\u00c7AS DE CENTRAIS DE AR E AR CONDICIONADA PARA SUPRIR AS NECESSIDADES DO INSTITUTO DE PREVID\u00caNCIA SOCIAL DOS SERVIDORES P\u00daBLICOS DO MUNIC\u00cdPIO DE MARAB\u00c1 \u2013 IPASEMAR.<\/span><\/p>\n<p style=\"padding-left: 40px;\"><a title=\"Ver detalhes desta licita\u00ef\u00bf\u00bd\u00ef\u00bf\u00bdo\" href=\"https:\/\/www.tcm.pa.gov.br\/mural-de-licitacoes\/licitacoes\/ficha\/4155927\" target=\"_blank\" rel=\"noopener\"><strong><span style=\"color: #003366;\">IN 016.2025.CPL<\/span> <\/strong><\/a><\/p>\n<p style=\"padding-left: 80px;\"><span style=\"color: #003366;\">CONTRATA\u00c7\u00c3O DE EMPRESA ESPECIALIZADA PARA A REALIZA\u00c7\u00c3O DE UM ESTUDO T\u00c9CNICO DE AVALIA\u00c7\u00c3O ATUARIAL.<\/span><\/p>\n<p style=\"padding-left: 40px;\"><a title=\"Ver detalhes desta licita\u00ef\u00bf\u00bd\u00ef\u00bf\u00bdo\" href=\"https:\/\/www.tcm.pa.gov.br\/mural-de-licitacoes\/licitacoes\/ficha\/4155038\" target=\"_blank\" rel=\"noopener\"><strong><span style=\"color: #003366;\">IN 023.2025.CPL<\/span> <\/strong><\/a><\/p>\n<p style=\"padding-left: 80px;\">INSCRI\u00c7\u00d5ES DE SERVIDORES NO 58\u00ba CONGRESSO NACIONAL DA ABIPEM (ASSOCIA\u00c7\u00c3O BRASILEIRA DE INSTITUI\u00c7\u00d5ES DE PREVID\u00caNCIA ESTADUAIS E MUNICIPAIS) PARA ATENDER \u00c0S NECESSIDADES DO INSTITUTO DE PREVID\u00caNCIA SOCIAL DOS SERVIDORES P\u00daBLICOS DO MUNIC\u00cdPIO DE MARAB\u00c1 \u2013 IPASEMAR<\/p>\n<p style=\"padding-left: 40px;\"><span style=\"color: #003366;\"><a style=\"color: #003366;\" title=\"Ver detalhes desta licita\u00ef\u00bf\u00bd\u00ef\u00bf\u00bdo\" href=\"https:\/\/www.tcm.pa.gov.br\/mural-de-licitacoes\/licitacoes\/ficha\/4121923\" target=\"_blank\" rel=\"noopener\"><strong>AA 004.2025.CPL <\/strong><\/a><\/span><\/p>\n<p style=\"padding-left: 80px;\"><span style=\"color: #003366;\">ADES\u00c3O A ATA DE REGISTRO DE PRE\u00c7O N\u00ba 444\/2024, PROCESSO N\u00ba 05050558.000012\/2024-79, PREG\u00c3O ELETR\u00d4NICO (SRP) 90053\/2024-CPL\/PMM &#8211; CONTRATA\u00c7\u00c3O DE SERVI\u00c7OS DE BUFFET E KITS LANCHE PARA ATENDER AS NECESSIDADES DO INSTITUTO DE PREVID\u00caNCIA SOCIAL DOS SERVIDORES P\u00daBLICOS DO MUNIC\u00cdPIO DE MARAB\u00c1 &#8211; IPASEMAR.<\/span><\/p>\n<p style=\"padding-left: 40px;\"><span style=\"color: #003366;\"><a style=\"color: #003366;\" title=\"Ver detalhes desta licita\u00ef\u00bf\u00bd\u00ef\u00bf\u00bdo\" href=\"https:\/\/www.tcm.pa.gov.br\/mural-de-licitacoes\/licitacoes\/ficha\/4119142\" target=\"_blank\" rel=\"noopener\"><strong>DP 007.2025.CPL <\/strong><\/a><\/span><\/p>\n<p style=\"padding-left: 80px;\"><span style=\"color: #003366;\">AQUISI\u00c7\u00c3O DE MATERIAL DE EXPEDIENTE PARA ATENDER AS NECESSIDADES DO INSTITUTO DE PREVID\u00caNCIA SOCIAL DOS SERVIDORES P\u00daBLICOS DO MUNIC\u00cdPIO DE MARAB\u00c1- IPASEMAR.<\/span><\/p>\n<p style=\"padding-left: 40px;\"><span style=\"color: #003366;\"><a style=\"color: #003366;\" title=\"Ver detalhes desta licita\u00ef\u00bf\u00bd\u00ef\u00bf\u00bdo\" href=\"https:\/\/www.tcm.pa.gov.br\/mural-de-licitacoes\/licitacoes\/ficha\/4086042\" target=\"_blank\" rel=\"noopener\"><strong>57\/2023 <\/strong><\/a><\/span><\/p>\n<p style=\"padding-left: 80px;\"><span style=\"color: #003366;\">CONTRATA\u00c7\u00c3O DE EMPRESA ESPECIALIZADA PARA ESTUDO T\u00c9CNICO PARA REALIZA\u00c7\u00c3O DE AVALIA\u00c7\u00c3O ATUARIAL DAS OBRIGA\u00c7\u00d5ES PREVIDENCI\u00c1RIAS DOS SERVIDORES P\u00daBLICOS DO MUNIC\u00cdPIO DE MARAB\u00c1, EM CONFORMIDADE COM AS LEGISLA\u00c7\u00d5ES APLIC\u00c1VEIS.<\/span><\/p>\n<p style=\"padding-left: 40px;\"><span style=\"color: #003366;\"><a style=\"color: #003366;\" title=\"Ver detalhes desta licita\u00ef\u00bf\u00bd\u00ef\u00bf\u00bdo\" href=\"https:\/\/www.tcm.pa.gov.br\/mural-de-licitacoes\/licitacoes\/ficha\/4109254\" target=\"_blank\" rel=\"noopener\"><strong>DP 001.2025.CPL<\/strong><\/a><\/span><\/p>\n<p style=\"padding-left: 80px;\"><span style=\"color: #003366;\">CONTRATO PARA AQUISI\u00c7\u00c3O DE G\u00caNEROS ALIMENT\u00cdCIOS, HIGIENE, LIMPEZA E DESCART\u00c1VEIS QUE CELEBRAM ENTRE SI O INSTITUTO DE PREVID\u00caNCIA SOCIAL DOS SERVIDORES P\u00daBLICOS DO MUNIC\u00cdPIO DE MARAB\u00c1 &#8211; IPASEMAR E A EMPRESA K M CARNEIRO DE FREITAS MINIMERCADO LTDA.<\/span><\/p>\n<p style=\"padding-left: 40px;\"><span style=\"color: #003366;\"><a style=\"color: #003366;\" title=\"Ver detalhes desta licita\u00ef\u00bf\u00bd\u00ef\u00bf\u00bdo\" href=\"https:\/\/www.tcm.pa.gov.br\/mural-de-licitacoes\/licitacoes\/ficha\/4108755\" target=\"_blank\" rel=\"noopener\"><strong>IN 005.2025.CPL <\/strong><\/a><\/span><\/p>\n<p style=\"padding-left: 80px;\"><span style=\"color: #003366;\">REALIZA\u00c7\u00c3O DE 06 (SEIS) INSCRI\u00c7\u00d5ES DE SERVIDORES E DE CONSELHEIROS DO INSTITUTO NO 7\u00ba CONGRESSO BRASILEIRO DE INVESTIMENTOS DOS RPPS<\/span><\/p>\n<h4><span style=\"color: #003366;\">2024<\/span><\/h4>\n<p style=\"padding-left: 40px;\"><a href=\"https:\/\/www.tcm.pa.gov.br\/mural-de-licitacoes\/licitacoes\/ficha\/4095280\"><span style=\"color: #003366;\"><strong>DP 045.2024.CEL<\/strong><\/span><\/a><\/p>\n<p style=\"padding-left: 80px;\"><a href=\"https:\/\/www.tcm.pa.gov.br\/mural-de-licitacoes\/licitacoes\/ficha\/4095280\"><span style=\"color: #003366;\">CONTRATA\u00c7\u00c3O DE EMPRESA ESPECIALIZADA NO FORNECIMENTO DE PONTO ELETR\u00d4NICO, COM SUPORTE T\u00c9CNICO (MANUTEN\u00c7\u00c3O) DOS EQUIPAMENTOS E DA LICEN\u00c7A, INCLU\u00cdDA LICEN\u00c7A DE USO, IMPLANTA\u00c7\u00c3O, ATIVA\u00c7\u00c3O, INSTALA\u00c7\u00c3O, TREINAMENTO, GARANTIA DE FUNCIONAMENTO, VISANDO ATENDER AS NECESSIDADES DO IPASEMAR.<\/span><\/a><\/p>\n<p style=\"padding-left: 40px;\"><a href=\"https:\/\/www.tcm.pa.gov.br\/mural-de-licitacoes\/licitacoes\/ficha\/4080594\"><strong><span style=\"color: #003366;\">DP 038.2024.CEL<\/span><\/strong><\/a><\/p>\n<p style=\"padding-left: 80px;\"><a href=\"https:\/\/www.tcm.pa.gov.br\/mural-de-licitacoes\/licitacoes\/ficha\/4080594\"><span style=\"color: #003366;\">CONTRATA\u00c7\u00c3O DE EMPRESA PARA FORNECIMENTO DE \u00c1GUA MINERAL NATURAL, PARA ATENDER AS NECESSIDADES CONT\u00cdNUAS DO INSTITUTO DE PREVID\u00caNCIA SOCIAL DOS SERVIDORES P\u00daBLICOS DO MUNIC\u00cdPIO DE MARAB\u00c1 \u2013 IPASEMAR.<\/span><\/a><\/p>\n<p style=\"padding-left: 40px;\"><a href=\"https:\/\/www.tcm.pa.gov.br\/mural-de-licitacoes\/licitacoes\/ficha\/4077086\"><strong><span style=\"color: #003366;\">IN 042.2024.CEL<\/span><\/strong><\/a><\/p>\n<p style=\"padding-left: 80px;\"><a href=\"https:\/\/www.tcm.pa.gov.br\/mural-de-licitacoes\/licitacoes\/ficha\/4077086\"><span style=\"color: #003366;\">CONTRATA\u00c7\u00c3O DE PESSOA JUR\u00cdDICA PARA MINISTRAR O CURSO ON-LINE DE CONTRATA\u00c7\u00c3O DIRETA SEM LICITA\u00c7\u00c3O E SEM PROBLEMA, PARA ATENDER AS NECESSIDADES DO INSTITUTO DE PREVID\u00caNCIA SOCIAL DOS SERVIDORES P\u00daBLICOS DO MUNIC\u00cdPIO DE MARAB\u00c1 &#8211; IPASEMAR<\/span><\/a><\/p>\n<p style=\"padding-left: 40px;\"><a href=\"https:\/\/www.tcm.pa.gov.br\/mural-de-licitacoes\/licitacoes\/ficha\/4074031\"><strong><span style=\"color: #003366;\">IN 045.2024.CEL<\/span><\/strong><\/a><\/p>\n<p style=\"padding-left: 80px;\"><a href=\"https:\/\/www.tcm.pa.gov.br\/mural-de-licitacoes\/licitacoes\/ficha\/4074031\"><span style=\"color: #003366;\">INSCRI\u00c7\u00d5ES DOS SERVIDORES DO INSTITUTO DE PREVID\u00caNCIA SOCIAL DOS SERVIDORES P\u00daBLICOS DO MUNIC\u00cdPIO DE MARAB\u00c1 \u2013 IPASEMAR, PARA PARTICIPA\u00c7\u00c3O NO 23\u00b0 CONGRESSO NACIONAL DE PREVID\u00caNCIAS DA ANEPREM, QUE ACONTECER\u00c1 NOS DIAS 11 A 13 DE DEZEMBRO DO ANO EM CURSO, EM GRAMADO &#8211; RS, NO INTUITO DE ADQUIRIR CONHECIMENTO EM DIVERSOS TEMAS VOLTADOS AO RPPS.<\/span><\/a><\/p>\n<p style=\"padding-left: 40px;\"><a href=\"https:\/\/www.tcm.pa.gov.br\/mural-de-licitacoes\/licitacoes\/ficha\/4069532\"><strong><span style=\"color: #003366;\">DP 039.2024.CEL<\/span> <\/strong><\/a><\/p>\n<p style=\"padding-left: 80px;\"><a href=\"https:\/\/www.tcm.pa.gov.br\/mural-de-licitacoes\/licitacoes\/ficha\/4069532\"><span style=\"color: #003366;\">CONTRATA\u00c7\u00c3O DE ENTIDADE CERTIFICADORA DE REGIME PR\u00d3PRIO DE PREVID\u00caNCIA SOCIAL NO PROGRAMA PR\u00d3-GEST\u00c3O.<\/span><\/a><\/p>\n<p style=\"padding-left: 40px;\"><a href=\"https:\/\/www.tcmpa.tc.br\/mural-de-licitacoes\/licitacoes\/ficha\/4065617\"><span style=\"color: #003366;\"><strong>IN 044.2024.CEL <\/strong><\/span><\/a><\/p>\n<p style=\"padding-left: 80px;\"><a href=\"https:\/\/www.tcmpa.tc.br\/mural-de-licitacoes\/licitacoes\/ficha\/4065617\"><span style=\"color: #003366;\">REALIZA\u00c7\u00c3O DE 10 (DEZ) INSCRI\u00c7\u00d5ES NO 12\u00b0 CONGRESSO BRASILEIRO DE CONSELHEIROS DO RPPS<\/span><\/a><\/p>\n<p style=\"padding-left: 40px;\"><a href=\"https:\/\/www.tcmpa.tc.br\/mural-de-licitacoes\/licitacoes\/ficha\/4049503\"><strong><span style=\"color: #003366;\">AA 009.2024.CEL<\/span> <\/strong><\/a><\/p>\n<p style=\"padding-left: 80px;\"><span style=\"color: #003366;\"><a style=\"color: #003366;\" href=\"https:\/\/www.tcmpa.tc.br\/mural-de-licitacoes\/licitacoes\/ficha\/4049503\">ADES\u00c3O A ATA DE REGISTRO DE PRE\u00c7O N\u00ba 040\/2024- SEMED, PROCESSO N\u00ba 34.201\/2023-PMM &#8211; PREG\u00c3O PRESENCIAL (SRP) N\u00ba 133\/2023 &#8211; CEL\/SEVOP\/PMM \u2013 REGISTRO DE PRE\u00c7OS PARA EVENTUAL PRESTA\u00c7\u00c3O DE SERVI\u00c7O ESPECIALIZADO NA MANUTEN\u00c7\u00c3O PREVENTIVA E CORRETIVA EM CENTRAIS DE AR, COM A SUBSTITUI\u00c7\u00c3O DE PE\u00c7AS, DESTINADOS A SUPRIR \u00c0S DEMANDAS DO INSTITUTO DE PREVID\u00caNCIA SOCIAL DOS SERVIDORES P\u00daBLICOS DO MUNIC\u00cdPIO DE MARAB\u00c1 &#8211; IPASEMAR<\/a><\/span><\/p>\n<p style=\"padding-left: 40px;\"><a href=\"https:\/\/www.tcmpa.tc.br\/mural-de-licitacoes\/licitacoes\/ficha\/4036811\"><strong><span style=\"color: #003366;\">DP 021.2024.CEL<\/span><\/strong><\/a><\/p>\n<p class=\"title text-justify text-dark h4 text-weight-bold\" style=\"padding-left: 80px;\"><a href=\"https:\/\/www.tcmpa.tc.br\/mural-de-licitacoes\/licitacoes\/ficha\/4036811\"><span style=\"color: #003366;\">DISPENSA DE LICITA\u00c7\u00c3O PARA EVENTUAIS INSCRI\u00c7\u00d5ES, JUNTO A ENTIDADE CERTIFICADORA, CREDENCIADA PELO MINIST\u00c9RIO DA PREVID\u00caNCIA SOCIAL, PARA APLICA\u00c7\u00c3O DE EXAMES POR PROVAS, OU POR PROVAS E T\u00cdTULOS, OU ADICIONALMENTE PELA AN\u00c1LISE DE EXPERI\u00caNCIA E, EM CASO DE RENOVA\u00c7\u00c3O, POR PROGRAMA DE QUALIFICA\u00c7\u00c3O CONTINUADA, PARA OS SERVIDORES VINCULADOS DIRETAMENTE A UNIDADE GESTORA DO RPPS DO MUNIC\u00cdPIO DE MARAB\u00c1 E SEUS \u00d3RG\u00c3OS COLEGIADOS.<\/span><\/a><\/p>\n<p style=\"padding-left: 40px;\"><a href=\"https:\/\/www.tcmpa.tc.br\/mural-de-licitacoes\/licitacoes\/ficha\/3987505\"><strong><span style=\"color: #003366;\">IN 001\/2023-IPA<\/span><\/strong><\/a><\/p>\n<p class=\"title text-justify text-dark h4 text-weight-bold\" style=\"padding-left: 80px;\"><a href=\"https:\/\/www.tcmpa.tc.br\/mural-de-licitacoes\/licitacoes\/ficha\/3987505\"><span style=\"color: #003366;\">PRESTA\u00c7\u00c3O DE SERVI\u00c7OS DE LOCA\u00c7\u00c3O DE SISTEMA DE GEST\u00c3O DE REGIME PR\u00d3PRIO DE PREVID\u00caNCIA SOCIAL, INCLUINDO A PRESTA\u00c7\u00c3O DE SERVI\u00c7OS DE INSTALA\u00c7\u00c3O, TREINAMENTO, CAPACITA\u00c7\u00c3O, MANUTEN\u00c7\u00c3O, ATUALIZA\u00c7\u00c3O, SUPORTE T\u00c9CNICO, VISITA T\u00c9CNICA E LICEN\u00c7A DO USO TEMPOR\u00c1RIO DE MANUTEN\u00c7\u00c3O MENSAIS DO APLICATIVO MEU RPPS, PARA INTEGRA\u00c7\u00c3O DE DADOS DO APLICATIVO M\u00d3BILE PARA O SISPREV WEB, COM ALIMENTA\u00c7\u00c3O DOS DADOS EM TEMPO REAL, PARA ATENDER \u00c0S DEMANDAS DO INSTITUTO DE PREVID\u00caNCIA SOCIAL DOS SERVIDORES P\u00daBLICOS DO MUNIC\u00cdPIO DE MARAB\u00c1 \u2013 IPASEMAR.<\/span><\/a><\/p>\n<p style=\"padding-left: 40px;\"><a href=\"https:\/\/www.tcm.pa.gov.br\/mural-de-licitacoes\/licitacoes\/ficha\/4030911\"><strong><span style=\"color: #003366;\">IN 022.2024.CEL<\/span><\/strong><\/a><\/p>\n<p style=\"padding-left: 80px;\"><a href=\"https:\/\/www.tcm.pa.gov.br\/mural-de-licitacoes\/licitacoes\/ficha\/4030911\"><span style=\"color: #003366;\">REALIZA\u00c7\u00c3O DE 04 (QUATRO) INSCRI\u00c7\u00d5ES NO 22\u00ba CONGRESSO PREVIDENCI\u00c1RIO DA APEPREV (ASSOCIA\u00c7\u00c3O PARANAENSE DAS ENTIDADES PREVIDENCI\u00c1RIAS DO ESTADO E DOS MUNIC\u00cdPIOS) &#8211; 1\u00b0 SEMIN\u00c1RIO INTERNACIONAL DE PREVID\u00caNCIA.<\/span><\/a><\/p>\n<p style=\"padding-left: 40px;\"><span style=\"color: #003366;\"><a style=\"color: #003366;\" href=\"https:\/\/www.tcm.pa.gov.br\/mural-de-licitacoes\/licitacoes\/ficha\/4022596\"><strong>DP 017.2024.CEL<\/strong><\/a><\/span><\/p>\n<p style=\"padding-left: 80px;\"><a href=\"https:\/\/www.tcm.pa.gov.br\/mural-de-licitacoes\/licitacoes\/ficha\/4022596\"><span style=\"color: #003366;\">AQUISI\u00c7\u00c3O DE 01 (UM) APARELHO TELEF\u00d4NICO COM SISTEMA VOIP.<\/span><\/a><\/p>\n<p style=\"padding-left: 40px;\"><a href=\"https:\/\/www.tcm.pa.gov.br\/mural-de-licitacoes\/licitacoes\/ficha\/4018271\"><span style=\"color: #003366;\"><strong>IN 020.2024.CEL<\/strong><\/span><\/a><\/p>\n<p style=\"padding-left: 80px;\"><a href=\"https:\/\/www.tcm.pa.gov.br\/mural-de-licitacoes\/licitacoes\/ficha\/4018271\"><span style=\"color: #003366;\">REALIZA\u00c7\u00c3O DE 05 (CINCO) INSCRI\u00c7\u00d5ES DOS SERVIDORES DO IPASEMAR NO 57\u00ba CONGRESSO NACIONAL DA ABIPEM (ASSOCIA\u00c7\u00c3O BRASILEIRA DE INSTUI\u00c7\u00d5ES DE PREVID\u00caNCIA ESTADUAIS E MUNICIPAIS).<\/span><\/a><\/p>\n<p style=\"padding-left: 40px;\"><a href=\"https:\/\/www.tcm.pa.gov.br\/mural-de-licitacoes\/licitacoes\/ficha\/4016706\"><strong><span style=\"color: #003366;\">050808136.000125\/2024-90<\/span><\/strong><\/a><\/p>\n<p style=\"padding-left: 80px;\"><a href=\"https:\/\/www.tcm.pa.gov.br\/mural-de-licitacoes\/licitacoes\/ficha\/4016706\"><span style=\"color: #003366;\">ADES\u00c3O A ATA DE REGISTRO DE PRE\u00c7O N\u00ba 012\/2024-CEL\/SEVOP\/PMM, PROCESSO N\u00ba 34.619\/2023-PMM &#8211; PREG\u00c3O PRESENCIAL (SRP) N\u00ba 121\/2023-CEL\/SEVOP\/PMM \u2013 CONTRATA\u00c7\u00c3O DE EMPRESA PARA O FORNECIMENTO DE COQUET\u00c9IS, COFFEE BREAK E LANCHES, DESTINADOS AOS EVENTOS PROMOVIDOS PELO INSTITUTO DE PREVID\u00caNCIA SOCIAL DOS SERVIDORES P\u00daBLICOS DO MUNIC\u00cdPIO DE MARAB\u00c1 &#8211; IPASEMAR.<\/span><\/a><\/p>\n<p style=\"padding-left: 40px;\"><a href=\"https:\/\/www.tcm.pa.gov.br\/mural-de-licitacoes\/licitacoes\/ficha\/4013832\"><strong><span style=\"color: #003366;\">IN 018.2024.CEL<\/span><\/strong><\/a><\/p>\n<p style=\"padding-left: 80px;\"><a href=\"https:\/\/www.tcm.pa.gov.br\/mural-de-licitacoes\/licitacoes\/ficha\/4013832\"><span style=\"color: #003366;\">CONTRATA\u00c7\u00c3O DE EMPRESA ESPECIALIZADA NA PRESTA\u00c7\u00c3O DE SERVI\u00c7OS DE PESQUISA E COMPARA\u00c7\u00c3O DE PRE\u00c7OS NO SISTEMA ONLINE DO \u201cBANCO DE PRE\u00c7OS\u201d, PELO PER\u00cdODO DE 1 (UM) ANO CONTADO A PARTIR DA LIBERA\u00c7\u00c3O DE SENHA E ACESSO AO BANCO DE PRE\u00c7OS.<\/span><\/a><\/p>\n<p style=\"padding-left: 40px;\"><a href=\"https:\/\/www.tcm.pa.gov.br\/mural-de-licitacoes\/licitacoes\/ficha\/4012495\"><span style=\"color: #003366;\"><strong>DP 010.2024.CEL<\/strong><\/span><\/a><\/p>\n<p style=\"padding-left: 80px;\"><a href=\"https:\/\/www.tcm.pa.gov.br\/mural-de-licitacoes\/licitacoes\/ficha\/4012495\"><span style=\"color: #003366;\">RECARGA DE 02 (DOIS) EXTINTORES, PARA ATENDER AS NECESSIDADES DO IPASEMAR.<\/span><\/a><\/p>\n<p style=\"padding-left: 40px;\"><a href=\"https:\/\/www.tcm.pa.gov.br\/mural-de-licitacoes\/licitacoes\/ficha\/4002828\"><span style=\"color: #003366;\"><strong>DP 007.2024.CEL<\/strong><\/span><\/a><\/p>\n<p style=\"padding-left: 80px;\"><a href=\"https:\/\/www.tcm.pa.gov.br\/mural-de-licitacoes\/licitacoes\/ficha\/4002828\"><span style=\"color: #003366;\">CONTRATA\u00c7\u00c3O DE EMPRESA PARA RENOVA\u00c7\u00c3O DE 04(QUATRO) CERTIFICADOS DIGITAIS DO TIPO TOKEN CRIPTOGR\u00c1FICO USB &#8211; PARA ATENDER AS NECESSIDADES DO IPASEMAR &#8211; PMM<\/span><\/a><\/p>\n<p style=\"padding-left: 40px;\"><a href=\"https:\/\/www.tcm.pa.gov.br\/mural-de-licitacoes\/licitacoes\/ficha\/3998272\"><span style=\"color: #003366;\"><strong>IN 008.2024.CEL<\/strong><\/span><\/a><\/p>\n<p style=\"padding-left: 80px;\"><a href=\"https:\/\/www.tcm.pa.gov.br\/mural-de-licitacoes\/licitacoes\/ficha\/3998272\"><span style=\"color: #003366;\">INSCRI\u00c7\u00c3O DO CURSO EAD &#8211; ADEQUA\u00c7\u00c3O DA CONTABILIDADE NO REGIME PR\u00d3PRIO DE PREVID\u00caNCIA SOCIAL<\/span><\/a><\/p>\n<p style=\"padding-left: 40px;\"><a href=\"https:\/\/www.tcm.pa.gov.br\/mural-de-licitacoes\/licitacoes\/ficha\/3997095\"><strong><span style=\"color: #003366;\">PE 90007.24.CEL<\/span><\/strong><\/a><\/p>\n<p style=\"padding-left: 80px;\"><span style=\"color: #003366;\"><a style=\"color: #003366;\" href=\"https:\/\/www.tcm.pa.gov.br\/mural-de-licitacoes\/licitacoes\/ficha\/3997095\">CONTRATA\u00c7\u00c3O DE EMPRESA ESPECIALIZADA NA LOCA\u00c7\u00c3O DE SISTEMA DE GEST\u00c3O DE REGIME PR\u00d3PRIO DE PREVID\u00caNCIA SOCIAL, INCLUINDO A PRESTA\u00c7\u00c3O DE SERVI\u00c7OS DE INSTALA\u00c7\u00c3O, HOSPEDAGEM, TREINAMENTO, MANUTEN\u00c7\u00c3O, ATUALIZA\u00c7\u00c3O E SUPORTE T\u00c9CNICO E LICEN\u00c7A DO USO TEMPOR\u00c1RIO DE MANUTEN\u00c7\u00c3O MENSAIS E APLICATIVO M\u00d3VEL COM ALIMENTA\u00c7\u00c3O DOS DADOS EM TEMPO REAL E INTEGRA\u00c7\u00c3O DE DADOS DO APLICATIVO M\u00d3BILE PARA O SISTEMA DE GEST\u00c3O PARA ATENDER \u00c0S DEMANDAS DO INSTITUTO DE PREVID\u00caNCIA SOCIAL DOS SERVIDORES P\u00daBLICOS DO MUNIC\u00cdPIO DE MARAB\u00c1 \u2013 IPASEMAR.<\/a><\/span><\/p>\n<p class=\"h4 m-none text-weight-bold text-blue\" style=\"padding-left: 40px;\"><a href=\"https:\/\/www.tcm.pa.gov.br\/mural-de-licitacoes\/licitacoes\/ficha\/3985770\"><span style=\"color: #003366;\"><strong>DP 02.2024.CEL<\/strong><\/span><\/a><\/p>\n<p style=\"padding-left: 80px;\"><a href=\"https:\/\/www.tcm.pa.gov.br\/mural-de-licitacoes\/licitacoes\/ficha\/3985770\"><span style=\"color: #003366;\">AQUISI\u00c7\u00c3O DE \u00c1GUA MINERAL NATURAL, GAL\u00c3O DE 20 LITROS RETORN\u00c1VEL (RECARGA) \u2013 ESPECIFICA\u00c7\u00c3O: RECARGA DE \u00c1GUA MINERAL NATURAL EM EMBALAGEM PL\u00c1STICA AZUL, APROPRIADA COM PROTETOR NA PARTE SUPERIOR E LACRE DE SEGURAN\u00c7A PERSONALIZADO PELA IND\u00daSTRIA, PARA ATENDER \u00c0S NECESSIDADES DA DO INSTITUTO DE PREVID\u00caNCIA SOCIAL DOS SERVIDORES SOCIAIS DOS SERVIDORES P\u00daBLICOS DO MUNIC\u00cdPIO DE MARAB\u00c1 \u2013 IPASEMAR.<\/span><\/a><\/p>\n<h4><span style=\"color: #003366;\">2023<\/span><\/h4>\n<p style=\"padding-left: 40px;\"><a href=\"http:\/\/www.governotransparente.com.br\/transparencia\/44669490\/licitacao\/detalhe?codigo=PE%20001\/2023%20CEL&amp;clean=false\"><span style=\"color: #003366;\"><strong>PE 001\/2023 CEL <\/strong><\/span><\/a><\/p>\n<p style=\"padding-left: 80px;\"><a href=\"http:\/\/www.governotransparente.com.br\/transparencia\/44669490\/licitacao\/detalhe?codigo=PE%20001\/2023%20CEL&amp;clean=false\"><span style=\"color: #003366;\">Contrata\u00e7\u00e3o de empresa para presta\u00e7\u00e3o de servi\u00e7os de planejamento e execu\u00e7\u00e3o de censo cadastral de dados cadastrais, funcionais e financeiros dos servidores p\u00fablicos municipais ativos vinculados ao regime pr\u00f3prio de previd\u00eancia social rpps do munic\u00edpio marab\u00e1, com a digitaliza\u00e7\u00e3o e o armazenamento dos dados.<\/span><\/a><\/p>\n<h4>2022<\/h4>\n<p style=\"padding-left: 40px;\"><a href=\"http:\/\/www.governotransparente.com.br\/transparencia\/44669490\/licitacao\/detalhe?codigo=TP%20055\/2022%20CEL&amp;clean=false\"><span style=\"color: #003366;\"><strong>TP 055\/2022<\/strong><\/span><\/a><\/p>\n<p style=\"padding-left: 80px;\"><a href=\"http:\/\/www.governotransparente.com.br\/transparencia\/44669490\/licitacao\/detalhe?codigo=TP%20055\/2022%20CEL&amp;clean=false\"><span style=\"color: #003366;\">Presta\u00e7\u00e3o continuada de servi\u00e7os remotos de assessoria t\u00e9cnica especializada ao rpps &#8211; regime pr\u00f3prio de previd\u00eancia social.<\/span><\/a><\/p>\n<h4><span style=\"color: #003366;\">2021<\/span><\/h4>\n<p class=\"h4 m-none text-weight-bold text-blue\" style=\"padding-left: 40px;\"><a href=\"http:\/\/www.governotransparente.com.br\/transparencia\/44669490\/licitacao\/detalhe?codigo=CV%20001\/2021%20CEL&amp;clean=false\"><span style=\"color: #003366;\"><strong>CV 001\/2021<\/strong><\/span><\/a><\/p>\n<p style=\"padding-left: 80px;\"><a href=\"http:\/\/www.governotransparente.com.br\/transparencia\/44669490\/licitacao\/detalhe?codigo=CV%20001\/2021%20CEL&amp;clean=false\"><span style=\"color: #003366;\">Contrata\u00e7\u00e3o de empresa para presta\u00e7\u00e3o de servi\u00e7os t\u00e9cnicos administrativos especializados para suporte \u00e0 gest\u00e3o do regime pr\u00f3prio de previd\u00eancia social &#8211; ipasemar<\/span>.<\/a><\/p>\n<p class=\"h4 m-none text-weight-bold text-blue\" style=\"padding-left: 40px;\"><a href=\"http:\/\/www.governotransparente.com.br\/transparencia\/44669490\/licitacao\/detalhe?codigo=PP%20006\/2021%20CEL&amp;clean=false\"><span style=\"color: #003366;\"><strong>PP 006\/2021<\/strong><\/span><\/a><\/p>\n<p style=\"padding-left: 80px;\"><a href=\"http:\/\/www.governotransparente.com.br\/transparencia\/44669490\/licitacao\/detalhe?codigo=PP%20006\/2021%20CEL&amp;clean=false\"><span style=\"font-weight: normal; color: #003366;\">Contrata\u00e7\u00e3o de empresa para loca\u00e7\u00e3o de ve\u00edculo de passeio zero km \u2013 motor 1.0 \u2013 vers\u00e3o hach \u2013 04 portas, para atender as necessidades do instituto de previd\u00eancia social dos servidores p\u00fablicos do munic\u00edpio de marab\u00e1 &#8211; ipasemar.<\/span><\/a><\/p>\n","protected":false},"excerpt":{"rendered":"<p>2025 IN 062.2025.CPL INSCRI\u00c7\u00c3O NO 12\u00ba ENCONTRO DE GESTORES DE RPPS DO ESTADO DO MATO GROSSO E 2\u00ba ENCONTRO DE RPPS DA REGI\u00c3O CENTRO- OESTE DA APREMAT DP 018.2025.CPL CONTRATA\u00c7\u00c3O DE EMPRESA PARA PRESTA\u00c7\u00c3O DE SERVI\u00c7OS DE MANUTEN\u00c7\u00c3O PREVENTIVA E CORRETIVA DOS EQUIPAMENTOS DE INFORM\u00c1TICA, INCLUINDO OS MATERIAIS E EQUIPAMENTOS NECESS\u00c1RIOS \u00c0 MANUTEN\u00c7\u00c3O. IN 045.2025.CPL [&hellip;]<\/p>\n","protected":false},"author":3,"featured_media":0,"parent":0,"menu_order":0,"comment_status":"closed","ping_status":"closed","template":"","meta":{"footnotes":""},"class_list":["post-1992","page","type-page","status-publish","hentry"],"_links":{"self":[{"href":"https:\/\/www.ipasemar.pa.gov.br\/transparencia\/wp-json\/wp\/v2\/pages\/1992","targetHints":{"allow":["GET"]}}],"collection":[{"href":"https:\/\/www.ipasemar.pa.gov.br\/transparencia\/wp-json\/wp\/v2\/pages"}],"about":[{"href":"https:\/\/www.ipasemar.pa.gov.br\/transparencia\/wp-json\/wp\/v2\/types\/page"}],"author":[{"embeddable":true,"href":"https:\/\/www.ipasemar.pa.gov.br\/transparencia\/wp-json\/wp\/v2\/users\/3"}],"replies":[{"embeddable":true,"href":"https:\/\/www.ipasemar.pa.gov.br\/transparencia\/wp-json\/wp\/v2\/comments?post=1992"}],"version-history":[{"count":29,"href":"https:\/\/www.ipasemar.pa.gov.br\/transparencia\/wp-json\/wp\/v2\/pages\/1992\/revisions"}],"predecessor-version":[{"id":3778,"href":"https:\/\/www.ipasemar.pa.gov.br\/transparencia\/wp-json\/wp\/v2\/pages\/1992\/revisions\/3778"}],"wp:attachment":[{"href":"https:\/\/www.ipasemar.pa.gov.br\/transparencia\/wp-json\/wp\/v2\/media?parent=1992"}],"curies":[{"name":"wp","href":"https:\/\/api.w.org\/{rel}","templated":true}]}}