{"id":2454,"date":"2024-02-08T16:04:35","date_gmt":"2024-02-08T19:04:35","guid":{"rendered":"https:\/\/www.ipasemar.pa.gov.br\/transparencia\/?page_id=2454"},"modified":"2026-01-09T16:41:44","modified_gmt":"2026-01-09T19:41:44","slug":"relatorio-de-avaliacao-do-passivo-judicial","status":"publish","type":"page","link":"https:\/\/www.ipasemar.pa.gov.br\/transparencia\/relatorio-de-avaliacao-do-passivo-judicial\/","title":{"rendered":"Relat\u00f3rio de Avalia\u00e7\u00e3o do Passivo Judicial"},"content":{"rendered":"<p><a href=\"https:\/\/drive.google.com\/file\/d\/1RM_CtAHWqaUGnbbZwGIt5A4SnHuOQ29d\/view\"><strong><span style=\"color: #003366;\">Relat\u00f3rio de Avalia\u00e7\u00e3o do Passivo Judicial 2025<\/span> <span style=\"color: #ff0000;\">(Acesse aqui)<\/span><\/strong><\/a><\/p>\n<p><a href=\"https:\/\/drive.google.com\/file\/d\/1wX8fq7s3_-Vk36wpkYe_Idrsu5Cu3jWn\/view?usp=sharing\"><strong><span style=\"color: #003366;\">Relat\u00f3rio de Avalia\u00e7\u00e3o do Passivo Judicial 2024<\/span> <span style=\"color: #ff0000;\">(Acesse aqui)<\/span><\/strong><\/a><\/p>\n<p><a href=\"http:\/\/www.ipasemar.pa.gov.br\/transparencia\/wp-content\/uploads\/sites\/2\/2024\/02\/RELATORIO-DE-AVALIACAO-DO-PASSIVO-JUDICIAL-2023.pdf\"><span style=\"color: #003366;\"><strong>Relat\u00f3rio de Avalia\u00e7\u00e3o do Passivo Judicial 2023 <span style=\"color: #ff0000;\"><em>(Acesse aqui)<\/em><\/span><\/strong><\/span><\/a><\/p>\n<p><a href=\"http:\/\/www.ipasemar.pa.gov.br\/transparencia\/wp-content\/uploads\/sites\/2\/2024\/02\/RELATORIO-DE-AVALIACAO-DO-PASSIVO-JUDICIAL-2022.pdf\"><span style=\"color: #003366;\"><strong>Relat\u00f3rio de Avalia\u00e7\u00e3o do Passivo Judicial 2022 <em><span style=\"color: #ff0000;\">(Acesse aqui)<\/span><\/em><\/strong><\/span><\/a><\/p>\n","protected":false},"excerpt":{"rendered":"<p>Relat\u00f3rio de Avalia\u00e7\u00e3o do Passivo Judicial 2025 (Acesse aqui) Relat\u00f3rio de Avalia\u00e7\u00e3o do Passivo Judicial 2024 (Acesse aqui) Relat\u00f3rio de Avalia\u00e7\u00e3o do Passivo Judicial 2023 (Acesse aqui) Relat\u00f3rio de Avalia\u00e7\u00e3o do Passivo Judicial 2022 (Acesse aqui)<\/p>\n","protected":false},"author":3,"featured_media":0,"parent":0,"menu_order":0,"comment_status":"closed","ping_status":"closed","template":"","meta":{"footnotes":""},"class_list":["post-2454","page","type-page","status-publish","hentry"],"_links":{"self":[{"href":"https:\/\/www.ipasemar.pa.gov.br\/transparencia\/wp-json\/wp\/v2\/pages\/2454","targetHints":{"allow":["GET"]}}],"collection":[{"href":"https:\/\/www.ipasemar.pa.gov.br\/transparencia\/wp-json\/wp\/v2\/pages"}],"about":[{"href":"https:\/\/www.ipasemar.pa.gov.br\/transparencia\/wp-json\/wp\/v2\/types\/page"}],"author":[{"embeddable":true,"href":"https:\/\/www.ipasemar.pa.gov.br\/transparencia\/wp-json\/wp\/v2\/users\/3"}],"replies":[{"embeddable":true,"href":"https:\/\/www.ipasemar.pa.gov.br\/transparencia\/wp-json\/wp\/v2\/comments?post=2454"}],"version-history":[{"count":4,"href":"https:\/\/www.ipasemar.pa.gov.br\/transparencia\/wp-json\/wp\/v2\/pages\/2454\/revisions"}],"predecessor-version":[{"id":3913,"href":"https:\/\/www.ipasemar.pa.gov.br\/transparencia\/wp-json\/wp\/v2\/pages\/2454\/revisions\/3913"}],"wp:attachment":[{"href":"https:\/\/www.ipasemar.pa.gov.br\/transparencia\/wp-json\/wp\/v2\/media?parent=2454"}],"curies":[{"name":"wp","href":"https:\/\/api.w.org\/{rel}","templated":true}]}}

Relatório de Avaliação do Passivo Judicial

<p><a href="https://drive.google.com/file/d/1RM_CtAHWqaUGnbbZwGIt5A4SnHuOQ29d/view"><strong><span style="color: #003366;">Relatório de Avaliação do Passivo Judicial 2025</span> <span style="color: #ff0000;">(Acesse aqui)</span></strong></a></p>
<p><a href="https://drive.google.com/file/d/1wX8fq7s3_-Vk36wpkYe_Idrsu5Cu3jWn/view?usp=sharing"><strong><span style="color: #003366;">Relatório de Avaliação do Passivo Judicial 2024</span> <span style="color: #ff0000;">(Acesse aqui)</span></strong></a></p>
<p><a href="http://www.ipasemar.pa.gov.br/transparencia/wp-content/uploads/sites/2/2024/02/RELATORIO-DE-AVALIACAO-DO-PASSIVO-JUDICIAL-2023.pdf"><span style="color: #003366;"><strong>Relatório de Avaliação do Passivo Judicial 2023 <span style="color: #ff0000;"><em>(Acesse aqui)</em></span></strong></span></a></p>
<p><a href="http://www.ipasemar.pa.gov.br/transparencia/wp-content/uploads/sites/2/2024/02/RELATORIO-DE-AVALIACAO-DO-PASSIVO-JUDICIAL-2022.pdf"><span style="color: #003366;"><strong>Relatório de Avaliação do Passivo Judicial 2022 <em><span style="color: #ff0000;">(Acesse aqui)</span></em></strong></span></a></p>

<p>Relatório de Avaliação do Passivo Judicial 2025 (Acesse aqui) Relatório de Avaliação do Passivo Judicial 2024 (Acesse aqui) Relatório de Avaliação do Passivo Judicial 2023 (Acesse aqui) Relatório de Avaliação do Passivo Judicial 2022 (Acesse aqui)</p>
