{"id":3118,"date":"2024-12-02T09:40:01","date_gmt":"2024-12-02T12:40:01","guid":{"rendered":"https:\/\/www.ipasemar.pa.gov.br\/transparencia\/?page_id=3118"},"modified":"2024-12-02T09:41:52","modified_gmt":"2024-12-02T12:41:52","slug":"regime-de-alcadas","status":"publish","type":"page","link":"https:\/\/www.ipasemar.pa.gov.br\/transparencia\/regime-de-alcadas\/","title":{"rendered":"Regime de Al\u00e7adas"},"content":{"rendered":"<p><span style=\"color: #003366;\">\u00a0\u00a0\u00a0\u00a0\u00a0\u00a0\u00a0 \u00a0 \u00a0 \u00a0 \u00a0 \u00a0 \u00a0 \u00a0 \u00a0 Conforme disposto no inciso X do artigo 133 da Lei 17.756, de 20 de dezembro de 2016, as aplica\u00e7\u00f5es e investimentos efetuados com os recursos do Instituto de Previd\u00eancia Social dos Servidores P\u00fablicos do Munic\u00edpio de Marab\u00e1 &#8211; IPASEMAR e com os do patrim\u00f4nio geral do IPASEMAR s\u00e3o autorizadas conjuntamente pela Presid\u00eancia e Diretorias, ap\u00f3s aprova\u00e7\u00e3o pelo Conselho de Administra\u00e7\u00e3o, nos termos do inciso I do artigo 120 da Lei n.\u00ba 17.756\/16.<\/span><\/p>\n","protected":false},"excerpt":{"rendered":"<p>\u00a0\u00a0\u00a0\u00a0\u00a0\u00a0\u00a0 \u00a0 \u00a0 \u00a0 \u00a0 \u00a0 \u00a0 \u00a0 \u00a0 Conforme disposto no inciso X do artigo 133 da Lei 17.756, de 20 de dezembro de 2016, as aplica\u00e7\u00f5es e investimentos efetuados com os recursos do Instituto de Previd\u00eancia Social dos Servidores P\u00fablicos do Munic\u00edpio de Marab\u00e1 &#8211; IPASEMAR e com os do patrim\u00f4nio geral do [&hellip;]<\/p>\n","protected":false},"author":3,"featured_media":0,"parent":0,"menu_order":0,"comment_status":"closed","ping_status":"closed","template":"","meta":{"footnotes":""},"class_list":["post-3118","page","type-page","status-publish","hentry"],"_links":{"self":[{"href":"https:\/\/www.ipasemar.pa.gov.br\/transparencia\/wp-json\/wp\/v2\/pages\/3118","targetHints":{"allow":["GET"]}}],"collection":[{"href":"https:\/\/www.ipasemar.pa.gov.br\/transparencia\/wp-json\/wp\/v2\/pages"}],"about":[{"href":"https:\/\/www.ipasemar.pa.gov.br\/transparencia\/wp-json\/wp\/v2\/types\/page"}],"author":[{"embeddable":true,"href":"https:\/\/www.ipasemar.pa.gov.br\/transparencia\/wp-json\/wp\/v2\/users\/3"}],"replies":[{"embeddable":true,"href":"https:\/\/www.ipasemar.pa.gov.br\/transparencia\/wp-json\/wp\/v2\/comments?post=3118"}],"version-history":[{"count":3,"href":"https:\/\/www.ipasemar.pa.gov.br\/transparencia\/wp-json\/wp\/v2\/pages\/3118\/revisions"}],"predecessor-version":[{"id":3122,"href":"https:\/\/www.ipasemar.pa.gov.br\/transparencia\/wp-json\/wp\/v2\/pages\/3118\/revisions\/3122"}],"wp:attachment":[{"href":"https:\/\/www.ipasemar.pa.gov.br\/transparencia\/wp-json\/wp\/v2\/media?parent=3118"}],"curies":[{"name":"wp","href":"https:\/\/api.w.org\/{rel}","templated":true}]}}