{"id":3281,"date":"2025-02-12T10:42:50","date_gmt":"2025-02-12T13:42:50","guid":{"rendered":"https:\/\/www.ipasemar.pa.gov.br\/transparencia\/?page_id=3281"},"modified":"2026-01-15T14:21:07","modified_gmt":"2026-01-15T17:21:07","slug":"portaria-de-diarias-2025","status":"publish","type":"page","link":"https:\/\/www.ipasemar.pa.gov.br\/transparencia\/portaria-de-diarias-2025\/","title":{"rendered":"Portaria de di\u00e1rias 2025"},"content":{"rendered":"<ul>\n<li><a href=\"http:\/\/www.ipasemar.pa.gov.br\/transparencia\/wp-content\/uploads\/sites\/2\/2025\/02\/SEI_0401428_Declaracao.pdf\"><span style=\"color: #003366;\"><strong>JANEIRO<\/strong> (N\u00e3o houve portaria de di\u00e1rias)<\/span><\/a><\/li>\n<li><span style=\"color: #003366;\"><a style=\"color: #003366;\" href=\"http:\/\/www.ipasemar.pa.gov.br\/transparencia\/wp-content\/uploads\/sites\/2\/2025\/03\/SEI_0434414_Declaracao.pdf\"><strong>FEVEREIRO<\/strong> (N\u00e3o houve portaria de di\u00e1rias)<\/a><\/span><\/li>\n<li><a href=\"http:\/\/www.ipasemar.pa.gov.br\/transparencia\/wp-content\/uploads\/sites\/2\/2025\/05\/ss.pdf\"><strong><span style=\"color: #003366;\">MAR\u00c7O<\/span><\/strong><\/a><\/li>\n<li><span style=\"color: #003366;\"><a style=\"color: #003366;\" href=\"http:\/\/www.ipasemar.pa.gov.br\/transparencia\/wp-content\/uploads\/sites\/2\/2025\/05\/diarias.pdf\"><strong>ABRIL<\/strong> (N\u00e3o houve portaria de di\u00e1rias)<\/a><\/span><\/li>\n<li><span style=\"color: #003366;\"><a style=\"color: #003366;\" href=\"http:\/\/www.ipasemar.pa.gov.br\/transparencia\/wp-content\/uploads\/sites\/2\/2025\/06\/SEI_0679024_Declaracao.pdf\"><strong>MAIO<\/strong> (N\u00e3o houve portaria de di\u00e1rias)<\/a><\/span><\/li>\n<li><a href=\"http:\/\/www.ipasemar.pa.gov.br\/transparencia\/wp-content\/uploads\/sites\/2\/2025\/07\/pdf24_merged-18.pdf\"><span style=\"color: #003366;\"><strong>JUNHO<\/strong><\/span><\/a><\/li>\n<li><span style=\"color: #003366;\"><strong><a style=\"color: #003366;\" href=\"http:\/\/www.ipasemar.pa.gov.br\/transparencia\/wp-content\/uploads\/sites\/2\/2025\/08\/portarias-07.2025.pdf\">JULHO<\/a><\/strong><\/span><\/li>\n<li><span style=\"color: #003366;\"><strong><a style=\"color: #003366;\" href=\"https:\/\/www.ipasemar.pa.gov.br\/wp-content\/uploads\/2025\/09\/SEI_0954751_Declaracao.pdf\">AGOSTO<\/a><\/strong><\/span><\/li>\n<li><span style=\"color: #003366;\"><a style=\"color: #003366;\" href=\"http:\/\/www.ipasemar.pa.gov.br\/transparencia\/wp-content\/uploads\/sites\/2\/2025\/10\/SEI_1074375_Declaracao.pdf\"><strong>SETEMBRO<\/strong> (N\u00e3o houve portaria de di\u00e1rias)<\/a><\/span><\/li>\n<li><a href=\"http:\/\/www.ipasemar.pa.gov.br\/transparencia\/wp-content\/uploads\/sites\/2\/2025\/10\/pdf24_merged99.pdf\"><strong><span style=\"color: #003366;\">OUTUBRO<\/span><\/strong><\/a><\/li>\n<li><a href=\"https:\/\/drive.google.com\/file\/d\/19SSHoh7sdr8wP-ZJg-H-RicuTkFNFG36\/view?usp=sharing\"><strong><span style=\"color: #003366;\">NOVEMBRO<\/span><\/strong><\/a><\/li>\n<li><a href=\"https:\/\/drive.google.com\/file\/d\/16FUsgq5reHv7BioBgnYIyZZkbJEnORpE\/view?usp=sharing\"><strong><span style=\"color: #003366;\">DEZEMBRO<\/span><\/strong><\/a><\/li>\n<\/ul>\n","protected":false},"excerpt":{"rendered":"<p>JANEIRO (N\u00e3o houve portaria de di\u00e1rias) FEVEREIRO (N\u00e3o houve portaria de di\u00e1rias) MAR\u00c7O ABRIL (N\u00e3o houve portaria de di\u00e1rias) MAIO (N\u00e3o houve portaria de di\u00e1rias) JUNHO JULHO AGOSTO SETEMBRO (N\u00e3o houve portaria de di\u00e1rias) OUTUBRO NOVEMBRO DEZEMBRO<\/p>\n","protected":false},"author":3,"featured_media":0,"parent":0,"menu_order":0,"comment_status":"closed","ping_status":"closed","template":"","meta":{"footnotes":""},"class_list":["post-3281","page","type-page","status-publish","hentry"],"_links":{"self":[{"href":"https:\/\/www.ipasemar.pa.gov.br\/transparencia\/wp-json\/wp\/v2\/pages\/3281","targetHints":{"allow":["GET"]}}],"collection":[{"href":"https:\/\/www.ipasemar.pa.gov.br\/transparencia\/wp-json\/wp\/v2\/pages"}],"about":[{"href":"https:\/\/www.ipasemar.pa.gov.br\/transparencia\/wp-json\/wp\/v2\/types\/page"}],"author":[{"embeddable":true,"href":"https:\/\/www.ipasemar.pa.gov.br\/transparencia\/wp-json\/wp\/v2\/users\/3"}],"replies":[{"embeddable":true,"href":"https:\/\/www.ipasemar.pa.gov.br\/transparencia\/wp-json\/wp\/v2\/comments?post=3281"}],"version-history":[{"count":16,"href":"https:\/\/www.ipasemar.pa.gov.br\/transparencia\/wp-json\/wp\/v2\/pages\/3281\/revisions"}],"predecessor-version":[{"id":3981,"href":"https:\/\/www.ipasemar.pa.gov.br\/transparencia\/wp-json\/wp\/v2\/pages\/3281\/revisions\/3981"}],"wp:attachment":[{"href":"https:\/\/www.ipasemar.pa.gov.br\/transparencia\/wp-json\/wp\/v2\/media?parent=3281"}],"curies":[{"name":"wp","href":"https:\/\/api.w.org\/{rel}","templated":true}]}}