{"id":3659,"date":"2025-08-28T11:51:06","date_gmt":"2025-08-28T14:51:06","guid":{"rendered":"https:\/\/www.ipasemar.pa.gov.br\/transparencia\/?page_id=3659"},"modified":"2025-09-04T08:37:26","modified_gmt":"2025-09-04T11:37:26","slug":"16o-premio-nacional-de-boas-praticas-de-gestao-previdenciaria-da-aneprem","status":"publish","type":"page","link":"https:\/\/www.ipasemar.pa.gov.br\/transparencia\/16o-premio-nacional-de-boas-praticas-de-gestao-previdenciaria-da-aneprem\/","title":{"rendered":"16\u00ba PR\u00caMIO NACIONAL DE BOAS PR\u00c1TICAS DE GEST\u00c3O PREVIDENCI\u00c1RIA DA ANEPREM"},"content":{"rendered":"<ol>\n<li><span style=\"color: #003366;\"><a style=\"color: #003366;\" href=\"https:\/\/docs.google.com\/spreadsheets\/d\/1b3_pGItCcRlFCbIySflb1mrhHHNR4Yz7\/edit?usp=sharing&amp;ouid=101417295854642177473&amp;rtpof=true&amp;sd=true\"><span style=\"color: #003366;\">ISP 2024<\/span><\/a><\/span><\/li>\n<li><span style=\"color: #003366;\"><a style=\"color: #003366;\" href=\"https:\/\/drive.google.com\/file\/d\/1myeaQw07XT2alza2ucLYJ8jecghbjiYa\/view?usp=sharing\">TERMO DE ADES\u00c3O AO PR\u00d3-GEST\u00c3O<\/a><\/span><\/li>\n<li><span style=\"color: #003366;\">PRAZOS DO CALEND\u00c1RIO DE ENVIO DE INFORMA\u00c7\u00d5ES -MPS<\/span>\n<ul>\n<li><span style=\"color: #003366;\"><a style=\"color: #003366;\" href=\"https:\/\/drive.google.com\/file\/d\/1YKTUfFfM0ndxswTCv3B9XtbuYuVH_40T\/view?usp=sharing\">DAIR<\/a><\/span><\/li>\n<li><span style=\"color: #003366;\"><a style=\"color: #003366;\" href=\"https:\/\/drive.google.com\/file\/d\/1P69MCj2diNGquIur-no9Fp0110AhsYVL\/view?usp=sharing\">DIPR<\/a><\/span><\/li>\n<li><span style=\"color: #003366;\"><a style=\"color: #003366;\" href=\"https:\/\/drive.google.com\/file\/d\/1z1bFc__T9bmEuLEW_DgiTkraoyLLmZL0\/view?usp=sharing\">DPIN<\/a><\/span><\/li>\n<li><span style=\"color: #003366;\"><a style=\"color: #003366;\" href=\"https:\/\/drive.google.com\/file\/d\/1Awp08ZjacRzcGMm06eqfRqFBfcpJ4YGE\/view?usp=sharing\">DRAA<\/a><\/span><\/li>\n<\/ul>\n<\/li>\n<li><span style=\"color: #003366;\"><a style=\"color: #003366;\" href=\"https:\/\/drive.google.com\/drive\/folders\/168jmTUmP2RR5ePdzhdvtyxeoTHq7adsQ?usp=sharing\">TERMOS DE PARCELAMENTO<\/a><\/span><\/li>\n<li><span style=\"color: #003366;\"><a style=\"color: #003366;\" href=\"https:\/\/drive.google.com\/file\/d\/1LX7TpYap4EhQYimGAmvLI5QCveuwFhuV\/view?usp=sharing\">FATURA DE ENERGIA<\/a><\/span><\/li>\n<li><span style=\"color: #003366;\"><a style=\"color: #003366;\" href=\"https:\/\/www.ipasemar.pa.gov.br\/transparencia\/balancete-financeiro-2\/\">DEMONSTRA\u00c7\u00d5ES FINANCEIRAS MENSAIS<\/a><\/span><\/li>\n<li><span style=\"color: #003366;\"><a style=\"color: #003366;\" href=\"https:\/\/drive.google.com\/file\/d\/1QrE55l9voazO5O85SVqU3y72Q1FnoHau\/view?usp=sharing\">RELAT\u00d3RIOS DE DESPESAS ADMINISTRATIVAS E PREVIDENCI\u00c1RIAS<\/a><\/span><\/li>\n<li><span style=\"color: #003366;\"><a style=\"color: #003366;\" href=\"http:\/\/www.ipasemar.pa.gov.br\/transparencia\/wp-content\/uploads\/sites\/2\/2025\/09\/S-1010.zip\">S &#8211; 1010<\/a><\/span><\/li>\n<li><span style=\"color: #003366;\"><a style=\"color: #003366;\" href=\"https:\/\/www.ipasemar.pa.gov.br\/transparencia\/seminarios-capacitacoes\/\">SEMIN\u00c1RIOS\/CAPACITA\u00c7\u00d5ES<\/a><\/span><\/li>\n<li><span style=\"color: #003366;\"><a style=\"color: #003366;\" href=\"https:\/\/drive.google.com\/file\/d\/1yL10UEobC6GOKMygFfr9pLMtuOoaMO0K\/view?usp=sharing\">PLANO ANUAL DE CAPACITA\u00c7\u00c3O<\/a><\/span><\/li>\n<li><a href=\"https:\/\/drive.google.com\/drive\/folders\/18eNXfqTWEH5KD3gGbkpRGZJ6RlOQeFNB?usp=sharing\"><span style=\"color: #003366;\">CERTIFICADOS<\/span><\/a><\/li>\n<li><span style=\"color: #003366;\"><a style=\"color: #003366;\" href=\"http:\/\/www.ipasemar.pa.gov.br\/transparencia\/wp-content\/uploads\/sites\/2\/2025\/09\/pdf24_merged68.pdf\">CERTIFICADO DO CONTROLADOR GERAL DO MUNIC\u00cdPIO<\/a><\/span><\/li>\n<\/ol>\n","protected":false},"excerpt":{"rendered":"<p>ISP 2024 TERMO DE ADES\u00c3O AO PR\u00d3-GEST\u00c3O PRAZOS DO CALEND\u00c1RIO DE ENVIO DE INFORMA\u00c7\u00d5ES -MPS DAIR DIPR DPIN DRAA TERMOS DE PARCELAMENTO FATURA DE ENERGIA DEMONSTRA\u00c7\u00d5ES FINANCEIRAS MENSAIS RELAT\u00d3RIOS DE DESPESAS ADMINISTRATIVAS E PREVIDENCI\u00c1RIAS S &#8211; 1010 SEMIN\u00c1RIOS\/CAPACITA\u00c7\u00d5ES PLANO ANUAL DE CAPACITA\u00c7\u00c3O CERTIFICADOS CERTIFICADO DO CONTROLADOR GERAL DO MUNIC\u00cdPIO<\/p>\n","protected":false},"author":3,"featured_media":0,"parent":0,"menu_order":0,"comment_status":"closed","ping_status":"closed","template":"","meta":{"footnotes":""},"class_list":["post-3659","page","type-page","status-publish","hentry"],"_links":{"self":[{"href":"https:\/\/www.ipasemar.pa.gov.br\/transparencia\/wp-json\/wp\/v2\/pages\/3659","targetHints":{"allow":["GET"]}}],"collection":[{"href":"https:\/\/www.ipasemar.pa.gov.br\/transparencia\/wp-json\/wp\/v2\/pages"}],"about":[{"href":"https:\/\/www.ipasemar.pa.gov.br\/transparencia\/wp-json\/wp\/v2\/types\/page"}],"author":[{"embeddable":true,"href":"https:\/\/www.ipasemar.pa.gov.br\/transparencia\/wp-json\/wp\/v2\/users\/3"}],"replies":[{"embeddable":true,"href":"https:\/\/www.ipasemar.pa.gov.br\/transparencia\/wp-json\/wp\/v2\/comments?post=3659"}],"version-history":[{"count":9,"href":"https:\/\/www.ipasemar.pa.gov.br\/transparencia\/wp-json\/wp\/v2\/pages\/3659\/revisions"}],"predecessor-version":[{"id":3723,"href":"https:\/\/www.ipasemar.pa.gov.br\/transparencia\/wp-json\/wp\/v2\/pages\/3659\/revisions\/3723"}],"wp:attachment":[{"href":"https:\/\/www.ipasemar.pa.gov.br\/transparencia\/wp-json\/wp\/v2\/media?parent=3659"}],"curies":[{"name":"wp","href":"https:\/\/api.w.org\/{rel}","templated":true}]}}

16º PRÊMIO NACIONAL DE BOAS PRÁTICAS DE GESTÃO PREVIDENCIÁRIA DA ANEPREM

<ol>
<li><span style="color: #003366;"><a style="color: #003366;" href="https://docs.google.com/spreadsheets/d/1b3_pGItCcRlFCbIySflb1mrhHHNR4Yz7/edit?usp=sharing&amp;ouid=101417295854642177473&amp;rtpof=true&amp;sd=true"><span style="color: #003366;">ISP 2024</span></a></span></li>
<li><span style="color: #003366;"><a style="color: #003366;" href="https://drive.google.com/file/d/1myeaQw07XT2alza2ucLYJ8jecghbjiYa/view?usp=sharing">TERMO DE ADESÃO AO PRÓ-GESTÃO</a></span></li>
<li><span style="color: #003366;">PRAZOS DO CALENDÁRIO DE ENVIO DE INFORMAÇÕES -MPS</span>
<ul>
<li><span style="color: #003366;"><a style="color: #003366;" href="https://drive.google.com/file/d/1YKTUfFfM0ndxswTCv3B9XtbuYuVH_40T/view?usp=sharing">DAIR</a></span></li>
<li><span style="color: #003366;"><a style="color: #003366;" href="https://drive.google.com/file/d/1P69MCj2diNGquIur-no9Fp0110AhsYVL/view?usp=sharing">DIPR</a></span></li>
<li><span style="color: #003366;"><a style="color: #003366;" href="https://drive.google.com/file/d/1z1bFc__T9bmEuLEW_DgiTkraoyLLmZL0/view?usp=sharing">DPIN</a></span></li>
<li><span style="color: #003366;"><a style="color: #003366;" href="https://drive.google.com/file/d/1Awp08ZjacRzcGMm06eqfRqFBfcpJ4YGE/view?usp=sharing">DRAA</a></span></li>
</ul>
</li>
<li><span style="color: #003366;"><a style="color: #003366;" href="https://drive.google.com/drive/folders/168jmTUmP2RR5ePdzhdvtyxeoTHq7adsQ?usp=sharing">TERMOS DE PARCELAMENTO</a></span></li>
<li><span style="color: #003366;"><a style="color: #003366;" href="https://drive.google.com/file/d/1LX7TpYap4EhQYimGAmvLI5QCveuwFhuV/view?usp=sharing">FATURA DE ENERGIA</a></span></li>
<li><span style="color: #003366;"><a style="color: #003366;" href="https://www.ipasemar.pa.gov.br/transparencia/balancete-financeiro-2/">DEMONSTRAÇÕES FINANCEIRAS MENSAIS</a></span></li>
<li><span style="color: #003366;"><a style="color: #003366;" href="https://drive.google.com/file/d/1QrE55l9voazO5O85SVqU3y72Q1FnoHau/view?usp=sharing">RELATÓRIOS DE DESPESAS ADMINISTRATIVAS E PREVIDENCIÁRIAS</a></span></li>
<li><span style="color: #003366;"><a style="color: #003366;" href="http://www.ipasemar.pa.gov.br/transparencia/wp-content/uploads/sites/2/2025/09/S-1010.zip">S &#8211; 1010</a></span></li>
<li><span style="color: #003366;"><a style="color: #003366;" href="https://www.ipasemar.pa.gov.br/transparencia/seminarios-capacitacoes/">SEMINÁRIOS/CAPACITAÇÕES</a></span></li>
<li><span style="color: #003366;"><a style="color: #003366;" href="https://drive.google.com/file/d/1yL10UEobC6GOKMygFfr9pLMtuOoaMO0K/view?usp=sharing">PLANO ANUAL DE CAPACITAÇÃO</a></span></li>
<li><a href="https://drive.google.com/drive/folders/18eNXfqTWEH5KD3gGbkpRGZJ6RlOQeFNB?usp=sharing"><span style="color: #003366;">CERTIFICADOS</span></a></li>
<li><span style="color: #003366;"><a style="color: #003366;" href="http://www.ipasemar.pa.gov.br/transparencia/wp-content/uploads/sites/2/2025/09/pdf24_merged68.pdf">CERTIFICADO DO CONTROLADOR GERAL DO MUNICÍPIO</a></span></li>
</ol>

<p>ISP 2024 TERMO DE ADESÃO AO PRÓ-GESTÃO PRAZOS DO CALENDÁRIO DE ENVIO DE INFORMAÇÕES -MPS DAIR DIPR DPIN DRAA TERMOS DE PARCELAMENTO FATURA DE ENERGIA DEMONSTRAÇÕES FINANCEIRAS MENSAIS RELATÓRIOS DE DESPESAS ADMINISTRATIVAS E PREVIDENCIÁRIAS S &#8211; 1010 SEMINÁRIOS/CAPACITAÇÕES PLANO ANUAL DE CAPACITAÇÃO CERTIFICADOS CERTIFICADO DO CONTROLADOR GERAL DO MUNICÍPIO</p>
