{"id":848,"date":"2022-04-26T08:40:39","date_gmt":"2022-04-26T11:40:39","guid":{"rendered":"https:\/\/www.ipasemar.pa.gov.br\/transparencia\/?page_id=848"},"modified":"2026-03-17T09:56:24","modified_gmt":"2026-03-17T12:56:24","slug":"datas-e-locais-das-reunioes-dos-orgaos-de-deliberacao-colegiada-e-do-comite-de-investimentos","status":"publish","type":"page","link":"https:\/\/www.ipasemar.pa.gov.br\/transparencia\/datas-e-locais-das-reunioes-dos-orgaos-de-deliberacao-colegiada-e-do-comite-de-investimentos\/","title":{"rendered":"DATAS E LOCAIS DAS REUNI\u00d5ES DOS \u00d3RG\u00c3OS DE DELIBERA\u00c7\u00c3O COLEGIADA E DO COMIT\u00ca DE INVESTIMENTOS"},"content":{"rendered":"<h6><span style=\"color: #003366;\"><strong>Calend\u00e1rio Conselho de Administra\u00e7\u00e3o<\/strong><\/span><\/h6>\n<p style=\"padding-left: 40px;\"><span style=\"color: #003366;\"><a style=\"color: #003366;\" href=\"https:\/\/www.ipasemar.pa.gov.br\/wp-content\/uploads\/2022\/04\/adm-2021.pdf\">2021<\/a> &#8211; <a style=\"color: #003366;\" href=\"https:\/\/www.ipasemar.pa.gov.br\/wp-content\/uploads\/2022\/04\/adm-2022.pdf\">2022<\/a> &#8211; <a style=\"color: #003366;\" href=\"http:\/\/www.ipasemar.pa.gov.br\/transparencia\/wp-content\/uploads\/sites\/2\/2024\/01\/2023-adm.pdf\">2023<\/a> &#8211; <a style=\"color: #003366;\" href=\"http:\/\/www.ipasemar.pa.gov.br\/transparencia\/wp-content\/uploads\/sites\/2\/2024\/01\/RESOLUCAO-001-2024-CAI2.pdf\">2024<\/a> &#8211; 2025 &#8211; <a href=\"http:\/\/www.ipasemar.pa.gov.br\/transparencia\/wp-content\/uploads\/sites\/2\/2026\/03\/SEI_1456595_Resolucao_17.pdf\">2026<\/a><\/span><\/p>\n<h6><span style=\"color: #003366;\"><strong>Calend\u00e1rio Conselho Fiscal<\/strong><\/span><\/h6>\n<p style=\"padding-left: 40px;\"><span style=\"color: #003366;\"><a style=\"color: #003366;\" href=\"https:\/\/www.ipasemar.pa.gov.br\/wp-content\/uploads\/2022\/04\/fiscal-2021.pdf\">2021<\/a> &#8211;<a style=\"color: #003366;\" href=\"https:\/\/www.ipasemar.pa.gov.br\/transparencia\/wp-content\/uploads\/sites\/2\/2022\/08\/APOSTILAMENTO-CALENDARIO_001224-1.pdf\"> 2022<\/a> &#8211; <a style=\"color: #003366;\" href=\"https:\/\/www.ipasemar.pa.gov.br\/transparencia\/wp-content\/uploads\/sites\/2\/2023\/02\/CALENDARIO-CONSELHO-FISCAL.pdf\">2023<\/a> &#8211; <a style=\"color: #003366;\" href=\"http:\/\/www.ipasemar.pa.gov.br\/transparencia\/wp-content\/uploads\/sites\/2\/2024\/02\/CALENDARIO-DE-REUNIOES-ORDINARIAS-DO-CONSELHO-FISCAL-2024.pdf\">2024<\/a> &#8211; <a style=\"color: #003366;\" href=\"http:\/\/www.ipasemar.pa.gov.br\/transparencia\/wp-content\/uploads\/sites\/2\/2025\/02\/Calendario-2025.pdf\">2025<\/a> &#8211; <a style=\"color: #003366;\" href=\"http:\/\/www.ipasemar.pa.gov.br\/transparencia\/wp-content\/uploads\/sites\/2\/2025\/10\/SEI_1103149_Oficio_4-3.pdf\">2026\u00a0<\/a><\/span><\/p>\n<h6><span style=\"color: #003366;\"><strong>Calend\u00e1rio Comit\u00ea de Investimentos<\/strong><\/span><\/h6>\n<p style=\"padding-left: 40px;\"><span style=\"color: #003366;\"><a style=\"color: #003366;\" href=\"https:\/\/www.ipasemar.pa.gov.br\/wp-content\/uploads\/2022\/04\/invest-2021_compressed.pdf\">2021<\/a> &#8211; <a style=\"color: #003366;\" href=\"https:\/\/www.ipasemar.pa.gov.br\/wp-content\/uploads\/2022\/04\/invest-2022.pdf\">2022\u00a0<\/a> &#8211; <a style=\"color: #003366;\" href=\"http:\/\/www.ipasemar.pa.gov.br\/transparencia\/wp-content\/uploads\/sites\/2\/2024\/01\/2023-inves.pdf\">2023<\/a> &#8211; <a style=\"color: #003366;\" href=\"http:\/\/www.ipasemar.pa.gov.br\/transparencia\/wp-content\/uploads\/sites\/2\/2024\/01\/CALENDARIO-DE-REUNIAO-DO-COMITE-DE-INVESTIMENTO-20242.pdf\">2024<\/a> &#8211; <\/span><a href=\"http:\/\/www.ipasemar.pa.gov.br\/transparencia\/wp-content\/uploads\/sites\/2\/2026\/02\/SEI_1454943_Calendario_Reuniao_Comite_Investimento.pdf\"><span style=\"color: #003366;\">2025 &#8211; 2026<\/span><\/a><\/p>\n<p>&nbsp;<\/p>\n<p><span style=\"color: #ff0000;\"><em><strong>\u00bbTodas as Reuni\u00f5es dos Conselhos e Comit\u00ea de Investimentos s\u00e3o realizadas na Sede do Instituto.\u00ab<\/strong><\/em><\/span><\/p>\n","protected":false},"excerpt":{"rendered":"<p>Calend\u00e1rio Conselho de Administra\u00e7\u00e3o 2021 &#8211; 2022 &#8211; 2023 &#8211; 2024 &#8211; 2025 &#8211; 2026 Calend\u00e1rio Conselho Fiscal 2021 &#8211; 2022 &#8211; 2023 &#8211; 2024 &#8211; 2025 &#8211; 2026\u00a0 Calend\u00e1rio Comit\u00ea de Investimentos 2021 &#8211; 2022\u00a0 &#8211; 2023 &#8211; 2024 &#8211; 2025 &#8211; 2026 &nbsp; \u00bbTodas as Reuni\u00f5es dos Conselhos e Comit\u00ea de Investimentos s\u00e3o [&hellip;]<\/p>\n","protected":false},"author":3,"featured_media":0,"parent":0,"menu_order":0,"comment_status":"closed","ping_status":"closed","template":"","meta":{"footnotes":""},"class_list":["post-848","page","type-page","status-publish","hentry"],"_links":{"self":[{"href":"https:\/\/www.ipasemar.pa.gov.br\/transparencia\/wp-json\/wp\/v2\/pages\/848","targetHints":{"allow":["GET"]}}],"collection":[{"href":"https:\/\/www.ipasemar.pa.gov.br\/transparencia\/wp-json\/wp\/v2\/pages"}],"about":[{"href":"https:\/\/www.ipasemar.pa.gov.br\/transparencia\/wp-json\/wp\/v2\/types\/page"}],"author":[{"embeddable":true,"href":"https:\/\/www.ipasemar.pa.gov.br\/transparencia\/wp-json\/wp\/v2\/users\/3"}],"replies":[{"embeddable":true,"href":"https:\/\/www.ipasemar.pa.gov.br\/transparencia\/wp-json\/wp\/v2\/comments?post=848"}],"version-history":[{"count":22,"href":"https:\/\/www.ipasemar.pa.gov.br\/transparencia\/wp-json\/wp\/v2\/pages\/848\/revisions"}],"predecessor-version":[{"id":4133,"href":"https:\/\/www.ipasemar.pa.gov.br\/transparencia\/wp-json\/wp\/v2\/pages\/848\/revisions\/4133"}],"wp:attachment":[{"href":"https:\/\/www.ipasemar.pa.gov.br\/transparencia\/wp-json\/wp\/v2\/media?parent=848"}],"curies":[{"name":"wp","href":"https:\/\/api.w.org\/{rel}","templated":true}]}}