{"id":959,"date":"2022-05-02T13:39:57","date_gmt":"2022-05-02T16:39:57","guid":{"rendered":"https:\/\/www.ipasemar.pa.gov.br\/transparencia\/?page_id=959"},"modified":"2026-03-09T17:53:18","modified_gmt":"2026-03-09T20:53:18","slug":"despesas-com-diaria","status":"publish","type":"page","link":"https:\/\/www.ipasemar.pa.gov.br\/transparencia\/despesas-com-diaria\/","title":{"rendered":"despesas com di\u00e1rias"},"content":{"rendered":"<h5 style=\"text-align: left;\"><a href=\"http:\/\/www.governotransparente.com.br\/acessoinfo\/44669490\/despesasportipo?tipo=5&amp;datainfo=MTIwMjIwNTAyMTMyOVBQUA==&amp;clean=false\"><span style=\"color: #003366;\">Despesas com Di\u00e1rias 2018 a 2025 <span style=\"color: #ff0000;\">(acesse aqui)<\/span><\/span><\/a><\/h5>\n<p><span style=\"color: #003366;\"><em>Passo 1 \u2013 Ap\u00f3s clicar, selecione a op\u00e7\u00e3o desejada, ex: \u201cDespesas pagas&#8221;<\/em><\/span><br \/>\n<span style=\"color: #003366;\"><em>Passo 2 \u2013 Ap\u00f3s escolher a op\u00e7\u00e3o desejada selecione o Exerc\u00edcio, Data de In\u00edcio e Fim e em seguida selecione a Unidade Gestora Instituto De Previd\u00eancia dos Serv. de Marab\u00e1 e clique em consultar. O filtro das datas in\u00edcio e fim podem ser consultados na quantidade de dias desejados, podendo ser do ano completo.<\/em><\/span><\/p>\n<ul>\n<li><a href=\"https:\/\/www.ipasemar.pa.gov.br\/transparencia\/portarias-de-diarias-2026\/\"><span style=\"color: #003366;\">PORTARIAS DE DI\u00c1RIAS 2026<\/span> <span style=\"color: #ff0000;\">(acesse aqui)<\/span><\/a><\/li>\n<li><a href=\"https:\/\/www.ipasemar.pa.gov.br\/transparencia\/portaria-de-diarias-2025\/\"><span style=\"color: #003366;\">PORTARIAS DE DI\u00c1RIAS 2025<\/span> <span style=\"color: #ff0000;\">(acesse aqui).<\/span><\/a><\/li>\n<li><a href=\"https:\/\/www.ipasemar.pa.gov.br\/transparencia\/portaria-de-diarias-2024\/\"><span style=\"color: #003366;\">PORTARIAS DE DI\u00c1RIAS 2024<\/span> <span style=\"color: #ff0000;\">(acesse aqui).<\/span><\/a><\/li>\n<li><span style=\"color: #003366;\"><a href=\"https:\/\/www.ipasemar.pa.gov.br\/portarias-de-diarias-2023\/\">PORTARIAS DE DI\u00c1RIAS 2023 <span style=\"color: #ff0000;\">(acesse aqui).<\/span><\/a><br \/>\n<\/span><\/li>\n<li><a href=\"https:\/\/www.ipasemar.pa.gov.br\/?page_id=10212&amp;preview=true\">PORTARIAS DE DI\u00c1RIAS 2022 <span style=\"color: #ff0000;\">(acesse aqui).<\/span><br \/>\n<\/a><\/li>\n<li><span style=\"color: #003366;\"><a href=\"https:\/\/www.ipasemar.pa.gov.br\/?page_id=10208&amp;preview=true\">PORTARIAS DE DI\u00c1RIAS 2021 <span style=\"color: #ff0000;\">(acesse aqui).<\/span><\/a><br \/>\n<\/span><\/li>\n<\/ul>\n<p>&nbsp;<\/p>\n<h5 style=\"text-align: left;\"><a href=\"http:\/\/www.governotransparente.com.br\/acessoinfo\/44669490\/despesasportipo?tipo=7&amp;datainfo=MTIwMjIwNTAyMTM1N1BQUA==&amp;clean=false\"><span style=\"color: #003366;\">Despesas com Passagens 2018 a 2025 <span style=\"color: #ff0000;\">(acesse aqui)<\/span><\/span><\/a><\/h5>\n<p><span style=\"color: #003366;\"><em>Passo 1 \u2013 Ap\u00f3s clicar, selecione a op\u00e7\u00e3o desejada, ex: \u201cDespesas pagas&#8221;<\/em><\/span><br \/>\n<span style=\"color: #003366;\"><em>Passo 2 \u2013 Ap\u00f3s escolher a op\u00e7\u00e3o desejada selecione o Exerc\u00edcio, Data de In\u00edcio e Fim e em seguida selecione a Unidade Gestora Instituto De Previd\u00eancia dos Serv. de Marab\u00e1 e clique em consultar. O filtro das datas in\u00edcio e fim podem ser consultados na quantidade de dias desejados, podendo ser do ano completo.<\/em><\/span><\/p>\n","protected":false},"excerpt":{"rendered":"<p>Despesas com Di\u00e1rias 2018 a 2025 (acesse aqui) Passo 1 \u2013 Ap\u00f3s clicar, selecione a op\u00e7\u00e3o desejada, ex: \u201cDespesas pagas&#8221; Passo 2 \u2013 Ap\u00f3s escolher a op\u00e7\u00e3o desejada selecione o Exerc\u00edcio, Data de In\u00edcio e Fim e em seguida selecione a Unidade Gestora Instituto De Previd\u00eancia dos Serv. de Marab\u00e1 e clique em consultar. O [&hellip;]<\/p>\n","protected":false},"author":3,"featured_media":0,"parent":0,"menu_order":0,"comment_status":"closed","ping_status":"closed","template":"","meta":{"footnotes":""},"class_list":["post-959","page","type-page","status-publish","hentry"],"_links":{"self":[{"href":"https:\/\/www.ipasemar.pa.gov.br\/transparencia\/wp-json\/wp\/v2\/pages\/959","targetHints":{"allow":["GET"]}}],"collection":[{"href":"https:\/\/www.ipasemar.pa.gov.br\/transparencia\/wp-json\/wp\/v2\/pages"}],"about":[{"href":"https:\/\/www.ipasemar.pa.gov.br\/transparencia\/wp-json\/wp\/v2\/types\/page"}],"author":[{"embeddable":true,"href":"https:\/\/www.ipasemar.pa.gov.br\/transparencia\/wp-json\/wp\/v2\/users\/3"}],"replies":[{"embeddable":true,"href":"https:\/\/www.ipasemar.pa.gov.br\/transparencia\/wp-json\/wp\/v2\/comments?post=959"}],"version-history":[{"count":28,"href":"https:\/\/www.ipasemar.pa.gov.br\/transparencia\/wp-json\/wp\/v2\/pages\/959\/revisions"}],"predecessor-version":[{"id":4101,"href":"https:\/\/www.ipasemar.pa.gov.br\/transparencia\/wp-json\/wp\/v2\/pages\/959\/revisions\/4101"}],"wp:attachment":[{"href":"https:\/\/www.ipasemar.pa.gov.br\/transparencia\/wp-json\/wp\/v2\/media?parent=959"}],"curies":[{"name":"wp","href":"https:\/\/api.w.org\/{rel}","templated":true}]}}